{"id":6453,"date":"2021-02-23T18:47:50","date_gmt":"2021-02-23T17:47:50","guid":{"rendered":"http:\/\/chapterzero-france.com\/?page_id=6453"},"modified":"2021-03-24T10:54:36","modified_gmt":"2021-03-24T09:54:36","slug":"actualites","status":"publish","type":"page","link":"https:\/\/chapterzero-france.com\/index.php\/actualites\/","title":{"rendered":"Actualit\u00e9s"},"content":{"rendered":"<div id=\"wppb-builder-container\" class=\"wppb-builder-container\"><div class=\"advgb-recent-posts-block list-view\"><div class=\"advgb-recent-posts\"><article class=\"advgb-recent-post\"><div class=\"advgb-post-thumbnail\"><a href=\"https:\/\/chapterzero-france.com\/index.php\/2025\/12\/20\/takeaways-10e-anniversaire-de-laccord-de-paris-les-entreprises-vont-elles-tenir-le-cap-7-novembre-2025\/\"><img loading=\"lazy\" decoding=\"async\" width=\"347\" height=\"479\" src=\"https:\/\/chapterzero-france.com\/wp-content\/uploads\/2025\/12\/livret-cop30.png\" class=\"attachment-large size-large\" alt=\"\" srcset=\"https:\/\/chapterzero-france.com\/wp-content\/uploads\/2025\/12\/livret-cop30.png 347w, https:\/\/chapterzero-france.com\/wp-content\/uploads\/2025\/12\/livret-cop30-217x300.png 217w, https:\/\/chapterzero-france.com\/wp-content\/uploads\/2025\/12\/livret-cop30-109x150.png 109w, https:\/\/chapterzero-france.com\/wp-content\/uploads\/2025\/12\/livret-cop30-196x270.png 196w\" sizes=\"auto, (max-width: 347px) 100vw, 347px\" \/><\/a><\/div><div class=\"advgb-post-wrapper\"><h2 class=\"advgb-post-title\"><a href=\"https:\/\/chapterzero-france.com\/index.php\/2025\/12\/20\/takeaways-10e-anniversaire-de-laccord-de-paris-les-entreprises-vont-elles-tenir-le-cap-7-novembre-2025\/\">Takeaways 10e Anniversaire de l\u2019Accord de Paris, les entreprises vont-elles tenir le cap ? 7 novembre 2025<\/a><\/h2><div class=\"advgb-post-info\"><span class=\"advgb-post-datetime\">Publi\u00e9 le 20 d\u00e9cembre 2025<\/span><\/div><div class=\"advgb-post-content\"><div class=\"advgb-post-excerpt\"><\/div><div class=\"advgb-post-readmore\"><a href=\"https:\/\/chapterzero-france.com\/index.php\/2025\/12\/20\/takeaways-10e-anniversaire-de-laccord-de-paris-les-entreprises-vont-elles-tenir-le-cap-7-novembre-2025\/\">Lire l&#039;article<\/a><\/div><\/div><\/div><\/article><article class=\"advgb-recent-post\"><div class=\"advgb-post-thumbnail\"><a href=\"https:\/\/chapterzero-france.com\/index.php\/2025\/11\/11\/takeaways-de-lanalyse-wtw-et-chapter-zero-france-sur-esg-dans-la-remunerations-des-ceo\/\"><img loading=\"lazy\" decoding=\"async\" width=\"640\" height=\"338\" src=\"https:\/\/chapterzero-france.com\/wp-content\/uploads\/2025\/11\/Capture-esg-1024x541.jpg\" class=\"attachment-large size-large\" alt=\"\" srcset=\"https:\/\/chapterzero-france.com\/wp-content\/uploads\/2025\/11\/Capture-esg-1024x541.jpg 1024w, https:\/\/chapterzero-france.com\/wp-content\/uploads\/2025\/11\/Capture-esg-300x159.jpg 300w, https:\/\/chapterzero-france.com\/wp-content\/uploads\/2025\/11\/Capture-esg-150x79.jpg 150w, https:\/\/chapterzero-france.com\/wp-content\/uploads\/2025\/11\/Capture-esg-768x406.jpg 768w, https:\/\/chapterzero-france.com\/wp-content\/uploads\/2025\/11\/Capture-esg-360x190.jpg 360w, https:\/\/chapterzero-france.com\/wp-content\/uploads\/2025\/11\/Capture-esg.jpg 1356w\" sizes=\"auto, (max-width: 640px) 100vw, 640px\" \/><\/a><\/div><div class=\"advgb-post-wrapper\"><h2 class=\"advgb-post-title\"><a href=\"https:\/\/chapterzero-france.com\/index.php\/2025\/11\/11\/takeaways-de-lanalyse-wtw-et-chapter-zero-france-sur-esg-dans-la-remunerations-des-ceo\/\">Takeaways de l\u2019analyse WTW et Chapter Zero France sur ESG dans la r\u00e9mun\u00e9rations des CEO<\/a><\/h2><div class=\"advgb-post-info\"><span class=\"advgb-post-datetime\">Publi\u00e9 le 11 novembre 2025<\/span><\/div><div class=\"advgb-post-content\"><div class=\"advgb-post-excerpt\"><\/div><div class=\"advgb-post-readmore\"><a href=\"https:\/\/chapterzero-france.com\/index.php\/2025\/11\/11\/takeaways-de-lanalyse-wtw-et-chapter-zero-france-sur-esg-dans-la-remunerations-des-ceo\/\">Lire l&#039;article<\/a><\/div><\/div><\/div><\/article><article class=\"advgb-recent-post\"><div class=\"advgb-post-thumbnail\"><a href=\"https:\/\/chapterzero-france.com\/index.php\/2025\/11\/06\/fidal-avocats-renouvelle-son-soutien-a-chapter-zero-france-pour-renforcer-la-gouvernance-climatique-des-entreprises\/\"><img loading=\"lazy\" decoding=\"async\" width=\"553\" height=\"256\" src=\"https:\/\/chapterzero-france.com\/wp-content\/uploads\/2025\/11\/fidal-2.jpg\" class=\"attachment-large size-large\" alt=\"\" srcset=\"https:\/\/chapterzero-france.com\/wp-content\/uploads\/2025\/11\/fidal-2.jpg 553w, https:\/\/chapterzero-france.com\/wp-content\/uploads\/2025\/11\/fidal-2-300x139.jpg 300w, https:\/\/chapterzero-france.com\/wp-content\/uploads\/2025\/11\/fidal-2-150x69.jpg 150w, https:\/\/chapterzero-france.com\/wp-content\/uploads\/2025\/11\/fidal-2-360x167.jpg 360w\" sizes=\"auto, (max-width: 553px) 100vw, 553px\" \/><\/a><\/div><div class=\"advgb-post-wrapper\"><h2 class=\"advgb-post-title\"><a href=\"https:\/\/chapterzero-france.com\/index.php\/2025\/11\/06\/fidal-avocats-renouvelle-son-soutien-a-chapter-zero-france-pour-renforcer-la-gouvernance-climatique-des-entreprises\/\">Fidal Avocats renouvelle son soutien \u00e0 Chapter Zero France pour renforcer la gouvernance climatique des entreprises.<\/a><\/h2><div class=\"advgb-post-info\"><span class=\"advgb-post-datetime\">Publi\u00e9 le 6 novembre 2025<\/span><\/div><div class=\"advgb-post-content\"><div class=\"advgb-post-excerpt\"><\/div><div class=\"advgb-post-readmore\"><a href=\"https:\/\/chapterzero-france.com\/index.php\/2025\/11\/06\/fidal-avocats-renouvelle-son-soutien-a-chapter-zero-france-pour-renforcer-la-gouvernance-climatique-des-entreprises\/\">Lire l&#039;article<\/a><\/div><\/div><\/div><\/article><article class=\"advgb-recent-post\"><div class=\"advgb-post-thumbnail\"><a href=\"https:\/\/chapterzero-france.com\/index.php\/2025\/10\/30\/communique-de-presse-les-objectifs-climat-dans-la-remuneration-des-dirigeants-du-sbf-120-5eme-barometre-ifa-ethicsboards-chapter-zero-france\/\"><img loading=\"lazy\" decoding=\"async\" width=\"640\" height=\"453\" src=\"https:\/\/chapterzero-france.com\/wp-content\/uploads\/2025\/10\/2025_Barometre-EB_CZ_IFA_Climat.-Vignette-pdf-pdf-1024x724.jpg\" class=\"attachment-large size-large\" alt=\"\" \/><\/a><\/div><div class=\"advgb-post-wrapper\"><h2 class=\"advgb-post-title\"><a href=\"https:\/\/chapterzero-france.com\/index.php\/2025\/10\/30\/communique-de-presse-les-objectifs-climat-dans-la-remuneration-des-dirigeants-du-sbf-120-5eme-barometre-ifa-ethicsboards-chapter-zero-france\/\">Communiqu\u00e9 de Presse \u2013 Les objectifs climat dans la r\u00e9mun\u00e9ration des dirigeants du SBF 120 : 5\u00e8me barom\u00e8tre IFA &#8211; Ethics&amp;Boards &#8211; Chapter Zero France<\/a><\/h2><div class=\"advgb-post-info\"><span class=\"advgb-post-datetime\">Publi\u00e9 le 30 octobre 2025<\/span><\/div><div class=\"advgb-post-content\"><div class=\"advgb-post-excerpt\"><\/div><div class=\"advgb-post-readmore\"><a href=\"https:\/\/chapterzero-france.com\/index.php\/2025\/10\/30\/communique-de-presse-les-objectifs-climat-dans-la-remuneration-des-dirigeants-du-sbf-120-5eme-barometre-ifa-ethicsboards-chapter-zero-france\/\">Lire l&#039;article<\/a><\/div><\/div><\/div><\/article><article class=\"advgb-recent-post\"><div class=\"advgb-post-thumbnail\"><a href=\"https:\/\/chapterzero-france.com\/index.php\/2024\/12\/10\/communique-de-presse-les-objectifs-climat-dans-la-remuneration-des-dirigeants-du-sbf-120-4eme-barometre-ifa-ethicsboards-chapter-zero-france\/\"><img loading=\"lazy\" decoding=\"async\" width=\"640\" height=\"453\" src=\"https:\/\/chapterzero-france.com\/wp-content\/uploads\/2024\/12\/IFA-EB-Chapter-Zero-2023_BAROMETRE_Remuneration_Climat_2024_COUV-scaled-1-1024x724.jpg\" class=\"attachment-large size-large\" alt=\"\" srcset=\"https:\/\/chapterzero-france.com\/wp-content\/uploads\/2024\/12\/IFA-EB-Chapter-Zero-2023_BAROMETRE_Remuneration_Climat_2024_COUV-scaled-1-1024x724.jpg 1024w, https:\/\/chapterzero-france.com\/wp-content\/uploads\/2024\/12\/IFA-EB-Chapter-Zero-2023_BAROMETRE_Remuneration_Climat_2024_COUV-scaled-1-300x212.jpg 300w, https:\/\/chapterzero-france.com\/wp-content\/uploads\/2024\/12\/IFA-EB-Chapter-Zero-2023_BAROMETRE_Remuneration_Climat_2024_COUV-scaled-1-150x106.jpg 150w, https:\/\/chapterzero-france.com\/wp-content\/uploads\/2024\/12\/IFA-EB-Chapter-Zero-2023_BAROMETRE_Remuneration_Climat_2024_COUV-scaled-1-768x543.jpg 768w, https:\/\/chapterzero-france.com\/wp-content\/uploads\/2024\/12\/IFA-EB-Chapter-Zero-2023_BAROMETRE_Remuneration_Climat_2024_COUV-scaled-1-1536x1086.jpg 1536w, https:\/\/chapterzero-france.com\/wp-content\/uploads\/2024\/12\/IFA-EB-Chapter-Zero-2023_BAROMETRE_Remuneration_Climat_2024_COUV-scaled-1-2048x1448.jpg 2048w, https:\/\/chapterzero-france.com\/wp-content\/uploads\/2024\/12\/IFA-EB-Chapter-Zero-2023_BAROMETRE_Remuneration_Climat_2024_COUV-scaled-1-360x255.jpg 360w\" sizes=\"auto, (max-width: 640px) 100vw, 640px\" \/><\/a><\/div><div class=\"advgb-post-wrapper\"><h2 class=\"advgb-post-title\"><a href=\"https:\/\/chapterzero-france.com\/index.php\/2024\/12\/10\/communique-de-presse-les-objectifs-climat-dans-la-remuneration-des-dirigeants-du-sbf-120-4eme-barometre-ifa-ethicsboards-chapter-zero-france\/\">Communiqu\u00e9 de Presse \u2013 Les objectifs climat dans la r\u00e9mun\u00e9ration des dirigeants du SBF 120 : 4\u00e8me barom\u00e8tre IFA-Ethics&amp;Boards-Chapter Zero France<\/a><\/h2><div class=\"advgb-post-info\"><span class=\"advgb-post-datetime\">Publi\u00e9 le 10 d\u00e9cembre 2024<\/span><\/div><div class=\"advgb-post-content\"><div class=\"advgb-post-excerpt\"><\/div><div class=\"advgb-post-readmore\"><a href=\"https:\/\/chapterzero-france.com\/index.php\/2024\/12\/10\/communique-de-presse-les-objectifs-climat-dans-la-remuneration-des-dirigeants-du-sbf-120-4eme-barometre-ifa-ethicsboards-chapter-zero-france\/\">Lire l&#039;article<\/a><\/div><\/div><\/div><\/article><article class=\"advgb-recent-post\"><div class=\"advgb-post-thumbnail\"><a href=\"https:\/\/chapterzero-france.com\/index.php\/2024\/12\/02\/parcours-de-formation-gouvernance-responsable-et-creation-de-valeur-a-long-terme\/\"><img loading=\"lazy\" decoding=\"async\" width=\"640\" height=\"403\" src=\"https:\/\/chapterzero-france.com\/wp-content\/uploads\/2024\/12\/reuni-images.jpg\" class=\"attachment-large size-large\" alt=\"\" srcset=\"https:\/\/chapterzero-france.com\/wp-content\/uploads\/2024\/12\/reuni-images.jpg 863w, https:\/\/chapterzero-france.com\/wp-content\/uploads\/2024\/12\/reuni-images-300x189.jpg 300w, https:\/\/chapterzero-france.com\/wp-content\/uploads\/2024\/12\/reuni-images-150x95.jpg 150w, https:\/\/chapterzero-france.com\/wp-content\/uploads\/2024\/12\/reuni-images-768x484.jpg 768w, https:\/\/chapterzero-france.com\/wp-content\/uploads\/2024\/12\/reuni-images-360x227.jpg 360w\" sizes=\"auto, (max-width: 640px) 100vw, 640px\" \/><\/a><\/div><div class=\"advgb-post-wrapper\"><h2 class=\"advgb-post-title\"><a href=\"https:\/\/chapterzero-france.com\/index.php\/2024\/12\/02\/parcours-de-formation-gouvernance-responsable-et-creation-de-valeur-a-long-terme\/\">Parcours de formation en ligne et en anglais<\/a><\/h2><div class=\"advgb-post-info\"><span class=\"advgb-post-datetime\">Publi\u00e9 le 2 d\u00e9cembre 2024<\/span><\/div><div class=\"advgb-post-content\"><div class=\"advgb-post-excerpt\"><\/div><div class=\"advgb-post-readmore\"><a href=\"https:\/\/chapterzero-france.com\/index.php\/2024\/12\/02\/parcours-de-formation-gouvernance-responsable-et-creation-de-valeur-a-long-terme\/\">Lire l&#039;article<\/a><\/div><\/div><\/div><\/article><article class=\"advgb-recent-post\"><div class=\"advgb-post-thumbnail\"><a href=\"https:\/\/chapterzero-france.com\/index.php\/2024\/11\/30\/giverny-de-la-gouvernance-edition-2024-comment-reinventer\/\"><img loading=\"lazy\" decoding=\"async\" width=\"640\" height=\"334\" src=\"https:\/\/chapterzero-france.com\/wp-content\/uploads\/2024\/11\/Visuel_Giverny_Gouvernance_CZF-1-1024x535.jpg\" class=\"attachment-large size-large\" alt=\"\" srcset=\"https:\/\/chapterzero-france.com\/wp-content\/uploads\/2024\/11\/Visuel_Giverny_Gouvernance_CZF-1-1024x535.jpg 1024w, https:\/\/chapterzero-france.com\/wp-content\/uploads\/2024\/11\/Visuel_Giverny_Gouvernance_CZF-1-300x157.jpg 300w, https:\/\/chapterzero-france.com\/wp-content\/uploads\/2024\/11\/Visuel_Giverny_Gouvernance_CZF-1-150x78.jpg 150w, https:\/\/chapterzero-france.com\/wp-content\/uploads\/2024\/11\/Visuel_Giverny_Gouvernance_CZF-1-768x401.jpg 768w, https:\/\/chapterzero-france.com\/wp-content\/uploads\/2024\/11\/Visuel_Giverny_Gouvernance_CZF-1-1536x802.jpg 1536w, https:\/\/chapterzero-france.com\/wp-content\/uploads\/2024\/11\/Visuel_Giverny_Gouvernance_CZF-1-2048x1070.jpg 2048w, https:\/\/chapterzero-france.com\/wp-content\/uploads\/2024\/11\/Visuel_Giverny_Gouvernance_CZF-1-360x188.jpg 360w\" sizes=\"auto, (max-width: 640px) 100vw, 640px\" \/><\/a><\/div><div class=\"advgb-post-wrapper\"><h2 class=\"advgb-post-title\"><a href=\"https:\/\/chapterzero-france.com\/index.php\/2024\/11\/30\/giverny-de-la-gouvernance-edition-2024-comment-reinventer\/\">Giverny de la Gouvernance \u00c9dition 2024 \u2013 Comment R\u00e9inventer ?<\/a><\/h2><div class=\"advgb-post-info\"><span class=\"advgb-post-datetime\">Publi\u00e9 le 30 novembre 2024<\/span><\/div><div class=\"advgb-post-content\"><div class=\"advgb-post-excerpt\"><\/div><div class=\"advgb-post-readmore\"><a href=\"https:\/\/chapterzero-france.com\/index.php\/2024\/11\/30\/giverny-de-la-gouvernance-edition-2024-comment-reinventer\/\">Lire l&#039;article<\/a><\/div><\/div><\/div><\/article><article class=\"advgb-recent-post\"><div class=\"advgb-post-thumbnail\"><a href=\"https:\/\/chapterzero-france.com\/index.php\/2024\/05\/01\/rapport-annuel-de-linitiative-pour-la-gouvernance-climatique-cgi\/\"><img loading=\"lazy\" decoding=\"async\" width=\"640\" height=\"361\" src=\"https:\/\/chapterzero-france.com\/wp-content\/uploads\/2024\/05\/Capture-cgi.png\" class=\"attachment-large size-large\" alt=\"\" srcset=\"https:\/\/chapterzero-france.com\/wp-content\/uploads\/2024\/05\/Capture-cgi.png 748w, https:\/\/chapterzero-france.com\/wp-content\/uploads\/2024\/05\/Capture-cgi-300x169.png 300w, https:\/\/chapterzero-france.com\/wp-content\/uploads\/2024\/05\/Capture-cgi-150x85.png 150w, https:\/\/chapterzero-france.com\/wp-content\/uploads\/2024\/05\/Capture-cgi-360x203.png 360w\" sizes=\"auto, (max-width: 640px) 100vw, 640px\" \/><\/a><\/div><div class=\"advgb-post-wrapper\"><h2 class=\"advgb-post-title\"><a href=\"https:\/\/chapterzero-france.com\/index.php\/2024\/05\/01\/rapport-annuel-de-linitiative-pour-la-gouvernance-climatique-cgi\/\">Rapport annuel de l&#8217;Initiative pour la Gouvernance Climatique (CGI)<\/a><\/h2><div class=\"advgb-post-info\"><span class=\"advgb-post-datetime\">Publi\u00e9 le 1 mai 2024<\/span><\/div><div class=\"advgb-post-content\"><div class=\"advgb-post-excerpt\"><\/div><div class=\"advgb-post-readmore\"><a href=\"https:\/\/chapterzero-france.com\/index.php\/2024\/05\/01\/rapport-annuel-de-linitiative-pour-la-gouvernance-climatique-cgi\/\">Lire l&#039;article<\/a><\/div><\/div><\/div><\/article><\/div><\/div>\n\n\n<p><\/p>\n\n\n\n<p><\/p>\n<\/div>","protected":false},"excerpt":{"rendered":"","protected":false},"author":1,"featured_media":0,"parent":0,"menu_order":0,"comment_status":"closed","ping_status":"closed","template":"","meta":{"advgb_blocks_editor_width":"","advgb_blocks_columns_visual_guide":"","_monsterinsights_skip_tracking":false,"_monsterinsights_sitenote_active":false,"_monsterinsights_sitenote_note":"","_monsterinsights_sitenote_category":0,"footnotes":""},"class_list":["post-6453","page","type-page","status-publish","hentry"],"yoast_head":"<!-- This site is optimized with the Yoast SEO plugin v23.4 - https:\/\/yoast.com\/wordpress\/plugins\/seo\/ -->\n<title>Actualit\u00e9s - Chapter Zero France<\/title>\n<meta name=\"robots\" content=\"index, follow, max-snippet:-1, max-image-preview:large, max-video-preview:-1\" \/>\n<link rel=\"canonical\" href=\"https:\/\/chapterzero-france.com\/index.php\/actualites\/\" \/>\n<meta property=\"og:locale\" content=\"fr_FR\" \/>\n<meta property=\"og:type\" content=\"article\" \/>\n<meta property=\"og:title\" content=\"Actualit\u00e9s - Chapter Zero France\" \/>\n<meta property=\"og:url\" content=\"https:\/\/chapterzero-france.com\/index.php\/actualites\/\" \/>\n<meta property=\"og:site_name\" content=\"Chapter Zero France\" \/>\n<meta property=\"article:modified_time\" content=\"2021-03-24T09:54:36+00:00\" \/>\n<meta name=\"twitter:card\" content=\"summary_large_image\" \/>\n<script type=\"application\/ld+json\" class=\"yoast-schema-graph\">{\"@context\":\"https:\/\/schema.org\",\"@graph\":[{\"@type\":\"WebPage\",\"@id\":\"https:\/\/chapterzero-france.com\/index.php\/actualites\/\",\"url\":\"https:\/\/chapterzero-france.com\/index.php\/actualites\/\",\"name\":\"Actualit\u00e9s - Chapter Zero France\",\"isPartOf\":{\"@id\":\"https:\/\/chapterzero-france.com\/#website\"},\"datePublished\":\"2021-02-23T17:47:50+00:00\",\"dateModified\":\"2021-03-24T09:54:36+00:00\",\"breadcrumb\":{\"@id\":\"https:\/\/chapterzero-france.com\/index.php\/actualites\/#breadcrumb\"},\"inLanguage\":\"fr-FR\",\"potentialAction\":[{\"@type\":\"ReadAction\",\"target\":[\"https:\/\/chapterzero-france.com\/index.php\/actualites\/\"]}]},{\"@type\":\"BreadcrumbList\",\"@id\":\"https:\/\/chapterzero-france.com\/index.php\/actualites\/#breadcrumb\",\"itemListElement\":[{\"@type\":\"ListItem\",\"position\":1,\"name\":\"Accueil\",\"item\":\"https:\/\/chapterzero-france.com\/\"},{\"@type\":\"ListItem\",\"position\":2,\"name\":\"Actualit\u00e9s\"}]},{\"@type\":\"WebSite\",\"@id\":\"https:\/\/chapterzero-france.com\/#website\",\"url\":\"https:\/\/chapterzero-france.com\/\",\"name\":\"Chapter Zero France\",\"description\":\"Le Forum Climat des Administrateurs\",\"publisher\":{\"@id\":\"https:\/\/chapterzero-france.com\/#organization\"},\"potentialAction\":[{\"@type\":\"SearchAction\",\"target\":{\"@type\":\"EntryPoint\",\"urlTemplate\":\"https:\/\/chapterzero-france.com\/?s={search_term_string}\"},\"query-input\":{\"@type\":\"PropertyValueSpecification\",\"valueRequired\":true,\"valueName\":\"search_term_string\"}}],\"inLanguage\":\"fr-FR\"},{\"@type\":\"Organization\",\"@id\":\"https:\/\/chapterzero-france.com\/#organization\",\"name\":\"Chapter Zero France\",\"url\":\"https:\/\/chapterzero-france.com\/\",\"logo\":{\"@type\":\"ImageObject\",\"inLanguage\":\"fr-FR\",\"@id\":\"https:\/\/chapterzero-france.com\/#\/schema\/logo\/image\/\",\"url\":\"https:\/\/chapterzero-france.com\/wp-content\/uploads\/2020\/08\/ChapterZero_Logo_FranceForumClimat-e1598537853484.jpg\",\"contentUrl\":\"https:\/\/chapterzero-france.com\/wp-content\/uploads\/2020\/08\/ChapterZero_Logo_FranceForumClimat-e1598537853484.jpg\",\"width\":100,\"height\":38,\"caption\":\"Chapter Zero France\"},\"image\":{\"@id\":\"https:\/\/chapterzero-france.com\/#\/schema\/logo\/image\/\"}}]}<\/script>\n<!-- \/ Yoast SEO plugin. -->","yoast_head_json":{"title":"Actualit\u00e9s - Chapter Zero France","robots":{"index":"index","follow":"follow","max-snippet":"max-snippet:-1","max-image-preview":"max-image-preview:large","max-video-preview":"max-video-preview:-1"},"canonical":"https:\/\/chapterzero-france.com\/index.php\/actualites\/","og_locale":"fr_FR","og_type":"article","og_title":"Actualit\u00e9s - Chapter Zero France","og_url":"https:\/\/chapterzero-france.com\/index.php\/actualites\/","og_site_name":"Chapter Zero France","article_modified_time":"2021-03-24T09:54:36+00:00","twitter_card":"summary_large_image","schema":{"@context":"https:\/\/schema.org","@graph":[{"@type":"WebPage","@id":"https:\/\/chapterzero-france.com\/index.php\/actualites\/","url":"https:\/\/chapterzero-france.com\/index.php\/actualites\/","name":"Actualit\u00e9s - Chapter Zero France","isPartOf":{"@id":"https:\/\/chapterzero-france.com\/#website"},"datePublished":"2021-02-23T17:47:50+00:00","dateModified":"2021-03-24T09:54:36+00:00","breadcrumb":{"@id":"https:\/\/chapterzero-france.com\/index.php\/actualites\/#breadcrumb"},"inLanguage":"fr-FR","potentialAction":[{"@type":"ReadAction","target":["https:\/\/chapterzero-france.com\/index.php\/actualites\/"]}]},{"@type":"BreadcrumbList","@id":"https:\/\/chapterzero-france.com\/index.php\/actualites\/#breadcrumb","itemListElement":[{"@type":"ListItem","position":1,"name":"Accueil","item":"https:\/\/chapterzero-france.com\/"},{"@type":"ListItem","position":2,"name":"Actualit\u00e9s"}]},{"@type":"WebSite","@id":"https:\/\/chapterzero-france.com\/#website","url":"https:\/\/chapterzero-france.com\/","name":"Chapter Zero France","description":"Le Forum Climat des Administrateurs","publisher":{"@id":"https:\/\/chapterzero-france.com\/#organization"},"potentialAction":[{"@type":"SearchAction","target":{"@type":"EntryPoint","urlTemplate":"https:\/\/chapterzero-france.com\/?s={search_term_string}"},"query-input":{"@type":"PropertyValueSpecification","valueRequired":true,"valueName":"search_term_string"}}],"inLanguage":"fr-FR"},{"@type":"Organization","@id":"https:\/\/chapterzero-france.com\/#organization","name":"Chapter Zero France","url":"https:\/\/chapterzero-france.com\/","logo":{"@type":"ImageObject","inLanguage":"fr-FR","@id":"https:\/\/chapterzero-france.com\/#\/schema\/logo\/image\/","url":"https:\/\/chapterzero-france.com\/wp-content\/uploads\/2020\/08\/ChapterZero_Logo_FranceForumClimat-e1598537853484.jpg","contentUrl":"https:\/\/chapterzero-france.com\/wp-content\/uploads\/2020\/08\/ChapterZero_Logo_FranceForumClimat-e1598537853484.jpg","width":100,"height":38,"caption":"Chapter Zero France"},"image":{"@id":"https:\/\/chapterzero-france.com\/#\/schema\/logo\/image\/"}}]}},"coauthors":[],"author_meta":{"author_link":"https:\/\/chapterzero-france.com\/index.php\/author\/admin3183\/","display_name":"admin3183"},"relative_dates":{"created":"Publi\u00e9 5 ans il y a","modified":"Mis \u00e0 jour 5 ans il y a"},"absolute_dates":{"created":"Publi\u00e9 le 23 f\u00e9vrier 2021","modified":"Mise \u00e0 jour le 24 mars 2021"},"absolute_dates_time":{"created":"Publi\u00e9 le 23 f\u00e9vrier 2021 18 h 47 min","modified":"Mise \u00e0 jour le 24 mars 2021 10 h 54 min"},"featured_img_caption":"","featured_img":false,"series_order":"","_links":{"self":[{"href":"https:\/\/chapterzero-france.com\/index.php\/wp-json\/wp\/v2\/pages\/6453","targetHints":{"allow":["GET"]}}],"collection":[{"href":"https:\/\/chapterzero-france.com\/index.php\/wp-json\/wp\/v2\/pages"}],"about":[{"href":"https:\/\/chapterzero-france.com\/index.php\/wp-json\/wp\/v2\/types\/page"}],"author":[{"embeddable":true,"href":"https:\/\/chapterzero-france.com\/index.php\/wp-json\/wp\/v2\/users\/1"}],"replies":[{"embeddable":true,"href":"https:\/\/chapterzero-france.com\/index.php\/wp-json\/wp\/v2\/comments?post=6453"}],"version-history":[{"count":14,"href":"https:\/\/chapterzero-france.com\/index.php\/wp-json\/wp\/v2\/pages\/6453\/revisions"}],"predecessor-version":[{"id":7019,"href":"https:\/\/chapterzero-france.com\/index.php\/wp-json\/wp\/v2\/pages\/6453\/revisions\/7019"}],"wp:attachment":[{"href":"https:\/\/chapterzero-france.com\/index.php\/wp-json\/wp\/v2\/media?parent=6453"}],"curies":[{"name":"wp","href":"https:\/\/api.w.org\/{rel}","templated":true}]}}