{"id":6964,"date":"2022-08-30T11:49:49","date_gmt":"2022-08-30T09:49:49","guid":{"rendered":"https:\/\/staging.chapterzero-france.com\/?page_id=6964"},"modified":"2024-04-08T11:03:38","modified_gmt":"2024-04-08T09:03:38","slug":"la-board-scorecard-par-chapter-zero-france-introduction","status":"publish","type":"page","link":"https:\/\/chapterzero-france.com\/index.php\/la-board-scorecard-par-chapter-zero-france-introduction\/","title":{"rendered":"La Board Scorecard par Chapter Zero France: introduction"},"content":{"rendered":"\n<p class=\"has-medium-font-size\">Compl\u00e9tez la Board Scorecard pour vous aider \u00e0 \u00e9valuer \u00e0 quel niveau de maturit\u00e9 votre Conseil d\u2019Administration se situe face aux enjeux du changement climatique.<\/p>\n\n\n\n<p class=\"has-medium-font-size\"><strong>Pourquoi disposer de cette \u00e9valuation ?<\/strong><\/p>\n\n\n\n<ul class=\"has-medium-font-size wp-block-list\">\n<li>Avoir une indication du niveau de maturit\u00e9 de votre Conseil sur les enjeux climat.<\/li>\n\n\n\n<li>Identifier les axes d\u2019am\u00e9lioration et prioriser vos actions.&nbsp;<\/li>\n\n\n\n<li>Partager les r\u00e9sultats avec les autres administrateurs pour engager la discussion avec eux, mettre en \u00e9vidence les diff\u00e9rences de points de vue, les forces sur lesquelles s\u2019appuyer et les obstacles \u00e0 franchir.<\/li>\n<\/ul>\n\n\n\n<div class=\"wp-block-buttons is-layout-flex wp-block-buttons-is-layout-flex\">\n<div class=\"wp-block-button aligncenter\"><a class=\"wp-block-button__link has-cyan-bluish-gray-background-color has-background wp-element-button\" href=\"https:\/\/chapterzero-france.com\/index.php\/la-board-scorecard-par-chapter-zero-france\/\"><strong>Aller \u00e0 la Board Scorecard<\/strong><\/a><\/div>\n<\/div>\n\n\n\n<p><\/p>\n\n\n\n<div class=\"wp-block-buttons is-layout-flex wp-block-buttons-is-layout-flex\">\n<div class=\"wp-block-button aligncenter\"><a class=\"wp-block-button__link has-cyan-bluish-gray-background-color has-background wp-element-button\" href=\"https:\/\/chapterzero-france.com\/index.php\/consolidation-de-scorecard-individuelles\/\"><strong>Aller \u00e0 la Consolidation de Scorecard individuelles<\/strong><\/a><\/div>\n<\/div>\n","protected":false},"excerpt":{"rendered":"<p>Compl\u00e9tez la Board Scorecard pour vous aider \u00e0 \u00e9valuer \u00e0 quel niveau de maturit\u00e9 votre Conseil d\u2019Administration se situe face aux enjeux du changement climatique. Pourquoi disposer de cette \u00e9valuation ?<\/p>\n","protected":false},"author":7,"featured_media":0,"parent":0,"menu_order":0,"comment_status":"closed","ping_status":"closed","template":"","meta":{"advgb_blocks_editor_width":"","advgb_blocks_columns_visual_guide":"","_monsterinsights_skip_tracking":false,"_monsterinsights_sitenote_active":false,"_monsterinsights_sitenote_note":"","_monsterinsights_sitenote_category":0,"footnotes":""},"class_list":["post-6964","page","type-page","status-publish","hentry"],"yoast_head":"<!-- This site is optimized with the Yoast SEO plugin v23.4 - https:\/\/yoast.com\/wordpress\/plugins\/seo\/ -->\n<title>La Board Scorecard par Chapter Zero France: introduction - Chapter Zero France<\/title>\n<meta name=\"robots\" content=\"index, follow, max-snippet:-1, max-image-preview:large, max-video-preview:-1\" \/>\n<link rel=\"canonical\" href=\"https:\/\/chapterzero-france.com\/index.php\/la-board-scorecard-par-chapter-zero-france-introduction\/\" \/>\n<meta property=\"og:locale\" content=\"fr_FR\" \/>\n<meta property=\"og:type\" content=\"article\" \/>\n<meta property=\"og:title\" content=\"La Board Scorecard par Chapter Zero France: introduction - Chapter Zero France\" \/>\n<meta property=\"og:description\" content=\"Compl\u00e9tez la Board Scorecard pour vous aider \u00e0 \u00e9valuer \u00e0 quel niveau de maturit\u00e9 votre Conseil d\u2019Administration se situe face aux enjeux du changement climatique. Pourquoi disposer de cette \u00e9valuation ?\" \/>\n<meta property=\"og:url\" content=\"https:\/\/chapterzero-france.com\/index.php\/la-board-scorecard-par-chapter-zero-france-introduction\/\" \/>\n<meta property=\"og:site_name\" content=\"Chapter Zero France\" \/>\n<meta property=\"article:modified_time\" content=\"2024-04-08T09:03:38+00:00\" \/>\n<meta name=\"twitter:card\" content=\"summary_large_image\" \/>\n<meta name=\"twitter:label1\" content=\"Dur\u00e9e de lecture estim\u00e9e\" \/>\n\t<meta name=\"twitter:data1\" content=\"1 minute\" \/>\n<script type=\"application\/ld+json\" class=\"yoast-schema-graph\">{\"@context\":\"https:\/\/schema.org\",\"@graph\":[{\"@type\":\"WebPage\",\"@id\":\"https:\/\/chapterzero-france.com\/index.php\/la-board-scorecard-par-chapter-zero-france-introduction\/\",\"url\":\"https:\/\/chapterzero-france.com\/index.php\/la-board-scorecard-par-chapter-zero-france-introduction\/\",\"name\":\"La Board Scorecard par Chapter Zero France: introduction - Chapter Zero France\",\"isPartOf\":{\"@id\":\"https:\/\/chapterzero-france.com\/#website\"},\"datePublished\":\"2022-08-30T09:49:49+00:00\",\"dateModified\":\"2024-04-08T09:03:38+00:00\",\"breadcrumb\":{\"@id\":\"https:\/\/chapterzero-france.com\/index.php\/la-board-scorecard-par-chapter-zero-france-introduction\/#breadcrumb\"},\"inLanguage\":\"fr-FR\",\"potentialAction\":[{\"@type\":\"ReadAction\",\"target\":[\"https:\/\/chapterzero-france.com\/index.php\/la-board-scorecard-par-chapter-zero-france-introduction\/\"]}]},{\"@type\":\"BreadcrumbList\",\"@id\":\"https:\/\/chapterzero-france.com\/index.php\/la-board-scorecard-par-chapter-zero-france-introduction\/#breadcrumb\",\"itemListElement\":[{\"@type\":\"ListItem\",\"position\":1,\"name\":\"Accueil\",\"item\":\"https:\/\/chapterzero-france.com\/\"},{\"@type\":\"ListItem\",\"position\":2,\"name\":\"La Board Scorecard par Chapter Zero France: introduction\"}]},{\"@type\":\"WebSite\",\"@id\":\"https:\/\/chapterzero-france.com\/#website\",\"url\":\"https:\/\/chapterzero-france.com\/\",\"name\":\"Chapter Zero France\",\"description\":\"Le Forum Climat des Administrateurs\",\"publisher\":{\"@id\":\"https:\/\/chapterzero-france.com\/#organization\"},\"potentialAction\":[{\"@type\":\"SearchAction\",\"target\":{\"@type\":\"EntryPoint\",\"urlTemplate\":\"https:\/\/chapterzero-france.com\/?s={search_term_string}\"},\"query-input\":{\"@type\":\"PropertyValueSpecification\",\"valueRequired\":true,\"valueName\":\"search_term_string\"}}],\"inLanguage\":\"fr-FR\"},{\"@type\":\"Organization\",\"@id\":\"https:\/\/chapterzero-france.com\/#organization\",\"name\":\"Chapter Zero France\",\"url\":\"https:\/\/chapterzero-france.com\/\",\"logo\":{\"@type\":\"ImageObject\",\"inLanguage\":\"fr-FR\",\"@id\":\"https:\/\/chapterzero-france.com\/#\/schema\/logo\/image\/\",\"url\":\"https:\/\/chapterzero-france.com\/wp-content\/uploads\/2020\/08\/ChapterZero_Logo_FranceForumClimat-e1598537853484.jpg\",\"contentUrl\":\"https:\/\/chapterzero-france.com\/wp-content\/uploads\/2020\/08\/ChapterZero_Logo_FranceForumClimat-e1598537853484.jpg\",\"width\":100,\"height\":38,\"caption\":\"Chapter Zero France\"},\"image\":{\"@id\":\"https:\/\/chapterzero-france.com\/#\/schema\/logo\/image\/\"}}]}<\/script>\n<!-- \/ Yoast SEO plugin. -->","yoast_head_json":{"title":"La Board Scorecard par Chapter Zero France: introduction - Chapter Zero France","robots":{"index":"index","follow":"follow","max-snippet":"max-snippet:-1","max-image-preview":"max-image-preview:large","max-video-preview":"max-video-preview:-1"},"canonical":"https:\/\/chapterzero-france.com\/index.php\/la-board-scorecard-par-chapter-zero-france-introduction\/","og_locale":"fr_FR","og_type":"article","og_title":"La Board Scorecard par Chapter Zero France: introduction - Chapter Zero France","og_description":"Compl\u00e9tez la Board Scorecard pour vous aider \u00e0 \u00e9valuer \u00e0 quel niveau de maturit\u00e9 votre Conseil d\u2019Administration se situe face aux enjeux du changement climatique. Pourquoi disposer de cette \u00e9valuation ?","og_url":"https:\/\/chapterzero-france.com\/index.php\/la-board-scorecard-par-chapter-zero-france-introduction\/","og_site_name":"Chapter Zero France","article_modified_time":"2024-04-08T09:03:38+00:00","twitter_card":"summary_large_image","twitter_misc":{"Dur\u00e9e de lecture estim\u00e9e":"1 minute"},"schema":{"@context":"https:\/\/schema.org","@graph":[{"@type":"WebPage","@id":"https:\/\/chapterzero-france.com\/index.php\/la-board-scorecard-par-chapter-zero-france-introduction\/","url":"https:\/\/chapterzero-france.com\/index.php\/la-board-scorecard-par-chapter-zero-france-introduction\/","name":"La Board Scorecard par Chapter Zero France: introduction - Chapter Zero France","isPartOf":{"@id":"https:\/\/chapterzero-france.com\/#website"},"datePublished":"2022-08-30T09:49:49+00:00","dateModified":"2024-04-08T09:03:38+00:00","breadcrumb":{"@id":"https:\/\/chapterzero-france.com\/index.php\/la-board-scorecard-par-chapter-zero-france-introduction\/#breadcrumb"},"inLanguage":"fr-FR","potentialAction":[{"@type":"ReadAction","target":["https:\/\/chapterzero-france.com\/index.php\/la-board-scorecard-par-chapter-zero-france-introduction\/"]}]},{"@type":"BreadcrumbList","@id":"https:\/\/chapterzero-france.com\/index.php\/la-board-scorecard-par-chapter-zero-france-introduction\/#breadcrumb","itemListElement":[{"@type":"ListItem","position":1,"name":"Accueil","item":"https:\/\/chapterzero-france.com\/"},{"@type":"ListItem","position":2,"name":"La Board Scorecard par Chapter Zero France: introduction"}]},{"@type":"WebSite","@id":"https:\/\/chapterzero-france.com\/#website","url":"https:\/\/chapterzero-france.com\/","name":"Chapter Zero France","description":"Le Forum Climat des Administrateurs","publisher":{"@id":"https:\/\/chapterzero-france.com\/#organization"},"potentialAction":[{"@type":"SearchAction","target":{"@type":"EntryPoint","urlTemplate":"https:\/\/chapterzero-france.com\/?s={search_term_string}"},"query-input":{"@type":"PropertyValueSpecification","valueRequired":true,"valueName":"search_term_string"}}],"inLanguage":"fr-FR"},{"@type":"Organization","@id":"https:\/\/chapterzero-france.com\/#organization","name":"Chapter Zero France","url":"https:\/\/chapterzero-france.com\/","logo":{"@type":"ImageObject","inLanguage":"fr-FR","@id":"https:\/\/chapterzero-france.com\/#\/schema\/logo\/image\/","url":"https:\/\/chapterzero-france.com\/wp-content\/uploads\/2020\/08\/ChapterZero_Logo_FranceForumClimat-e1598537853484.jpg","contentUrl":"https:\/\/chapterzero-france.com\/wp-content\/uploads\/2020\/08\/ChapterZero_Logo_FranceForumClimat-e1598537853484.jpg","width":100,"height":38,"caption":"Chapter Zero France"},"image":{"@id":"https:\/\/chapterzero-france.com\/#\/schema\/logo\/image\/"}}]}},"coauthors":[],"author_meta":{"author_link":"https:\/\/chapterzero-france.com\/index.php\/author\/handsup\/","display_name":"Andy Moore"},"relative_dates":{"created":"Publi\u00e9 4 ans il y a","modified":"Mis \u00e0 jour 2 ans il y a"},"absolute_dates":{"created":"Publi\u00e9 le 30 ao\u00fbt 2022","modified":"Mise \u00e0 jour le 8 avril 2024"},"absolute_dates_time":{"created":"Publi\u00e9 le 30 ao\u00fbt 2022 11 h 49 min","modified":"Mise \u00e0 jour le 8 avril 2024 11 h 03 min"},"featured_img_caption":"","featured_img":false,"series_order":"","_links":{"self":[{"href":"https:\/\/chapterzero-france.com\/index.php\/wp-json\/wp\/v2\/pages\/6964","targetHints":{"allow":["GET"]}}],"collection":[{"href":"https:\/\/chapterzero-france.com\/index.php\/wp-json\/wp\/v2\/pages"}],"about":[{"href":"https:\/\/chapterzero-france.com\/index.php\/wp-json\/wp\/v2\/types\/page"}],"author":[{"embeddable":true,"href":"https:\/\/chapterzero-france.com\/index.php\/wp-json\/wp\/v2\/users\/7"}],"replies":[{"embeddable":true,"href":"https:\/\/chapterzero-france.com\/index.php\/wp-json\/wp\/v2\/comments?post=6964"}],"version-history":[{"count":3,"href":"https:\/\/chapterzero-france.com\/index.php\/wp-json\/wp\/v2\/pages\/6964\/revisions"}],"predecessor-version":[{"id":7302,"href":"https:\/\/chapterzero-france.com\/index.php\/wp-json\/wp\/v2\/pages\/6964\/revisions\/7302"}],"wp:attachment":[{"href":"https:\/\/chapterzero-france.com\/index.php\/wp-json\/wp\/v2\/media?parent=6964"}],"curies":[{"name":"wp","href":"https:\/\/api.w.org\/{rel}","templated":true}]}}