{"id":6988,"date":"2022-09-06T13:22:54","date_gmt":"2022-09-06T11:22:54","guid":{"rendered":"https:\/\/staging.chapterzero-france.com\/?page_id=6988"},"modified":"2024-09-29T19:57:35","modified_gmt":"2024-09-29T17:57:35","slug":"consolidation-de-scorecard-individuelles","status":"publish","type":"page","link":"https:\/\/chapterzero-france.com\/index.php\/consolidation-de-scorecard-individuelles\/","title":{"rendered":"Consolidation de Scorecard individuelles"},"content":{"rendered":"\n<p class=\"has-medium-font-size\">Les <strong>r\u00e9sultats individuels de plusieurs administrateurs<\/strong> au sein du m\u00eame Conseil peuvent \u00eatre <strong>group\u00e9s<\/strong> : la vision consolid\u00e9e de la moyenne et des \u00e9carts est fort utile pour engager une discussion coll\u00e9giale.<\/p>\n\n\n\n<p class=\"has-medium-font-size\">Pour effectuer la <strong>consolidation<\/strong>, il faut disposer des codes attribu\u00e9s individuellement figurant dans l\u2019angle haut \u2013 droite de la fiche de r\u00e9sultats individuelle et les rentrer dans le champs s\u00e9par\u00e9s d\u2019une virgule.<\/p>\n\n\n\n<figure class=\"wp-block-image size-full\"><img loading=\"lazy\" decoding=\"async\" width=\"1024\" height=\"239\" src=\"https:\/\/chapterzero-france.com\/wp-content\/uploads\/2022\/09\/0C62EA6C-5C0E-49DD-B914-4B869DBEBBAD.png\" alt=\"\" class=\"wp-image-7010\" srcset=\"https:\/\/chapterzero-france.com\/wp-content\/uploads\/2022\/09\/0C62EA6C-5C0E-49DD-B914-4B869DBEBBAD.png 1024w, https:\/\/chapterzero-france.com\/wp-content\/uploads\/2022\/09\/0C62EA6C-5C0E-49DD-B914-4B869DBEBBAD-300x70.png 300w, https:\/\/chapterzero-france.com\/wp-content\/uploads\/2022\/09\/0C62EA6C-5C0E-49DD-B914-4B869DBEBBAD-150x35.png 150w, https:\/\/chapterzero-france.com\/wp-content\/uploads\/2022\/09\/0C62EA6C-5C0E-49DD-B914-4B869DBEBBAD-768x179.png 768w, https:\/\/chapterzero-france.com\/wp-content\/uploads\/2022\/09\/0C62EA6C-5C0E-49DD-B914-4B869DBEBBAD-360x84.png 360w\" sizes=\"auto, (max-width: 1024px) 100vw, 1024px\" \/><\/figure>\n\n\n\n<p class=\"has-medium-font-size\">Le fichier g\u00e9n\u00e9r\u00e9 est anonyme, il n\u2019est pas stock\u00e9 ni envoy\u00e9 par e-mail: il est uniquement disponible pour t\u00e9l\u00e9chargement par la personne ayant effectu\u00e9 l\u2019op\u00e9ration au moment de sa g\u00e9n\u00e9ration.<\/p>\n\n\n<div class=\"cz-average-scores-form\"><form id=\"select_entries\" method=\"post\">  <label for=\"entry_ids\">Rentrer les codes individuels s\u00e9par\u00e9s d\u2019une virgule<br \/>  <input class=\"enter_codes\"type=\"text\" name=\"entry_ids\" value=\"\">  <input type=\"submit\" value=\"Soumettre\"><\/form><\/div><script src=\"https:\/\/cdnjs.cloudflare.com\/ajax\/libs\/html2pdf.js\/0.10.1\/html2pdf.bundle.min.js\" integrity=\"sha512-GsLlZN\/3F2ErC5ifS5QtgpiJtWd43JWSuIgh7mbzZ8zBps+dvLusV+eNQATqgA\/HdeKFVgA5v3S\/cIrLF7QnIg==\" crossorigin=\"anonymous\" referrerpolicy=\"no-referrer\"><\/script><script>\n                function print_the_pdf() {\n                    var source = document.getElementsByTagName('body')[0];\n                    \/\/ var source = document.getElementsByClassName('cz-avg-score-results-listing')\n                    source.classList.add('print');\n                    html2pdf(source, {\n                        margin: 0,\n                        filename: 'consolidated-scorecard-result.pdf',\n                        enableLinks: false,\n                        image: { type: 'jpeg' },\n                        html2canvas: { scale: 2 },\n                        jsPDF: { unit: 'mm', format: 'a4', orientation: 'landscape', putOnlyUsedFonts: true }\n                    }).then(function(){\n                        source.classList.remove('print');\n                    });\n                }\n                document.getElementById('print_button').addEventListener('click', print_the_pdf); \n                <\/script>\n","protected":false},"excerpt":{"rendered":"<p>Les r\u00e9sultats individuels de plusieurs administrateurs au sein du m\u00eame Conseil peuvent \u00eatre group\u00e9s : la vision consolid\u00e9e de la moyenne et des \u00e9carts est fort utile pour engager une discussion coll\u00e9giale. Pour effectuer la consolidation, il faut disposer des codes attribu\u00e9s individuellement figurant dans l\u2019angle haut \u2013 droite de&hellip;<\/p>\n","protected":false},"author":7,"featured_media":0,"parent":0,"menu_order":0,"comment_status":"closed","ping_status":"closed","template":"","meta":{"advgb_blocks_editor_width":"","advgb_blocks_columns_visual_guide":"","_monsterinsights_skip_tracking":false,"_monsterinsights_sitenote_active":false,"_monsterinsights_sitenote_note":"","_monsterinsights_sitenote_category":0,"footnotes":""},"class_list":["post-6988","page","type-page","status-publish","hentry"],"yoast_head":"<!-- This site is optimized with the Yoast SEO plugin v23.4 - https:\/\/yoast.com\/wordpress\/plugins\/seo\/ -->\n<title>Consolidation de Scorecard individuelles - Chapter Zero France<\/title>\n<meta name=\"robots\" content=\"index, follow, max-snippet:-1, max-image-preview:large, max-video-preview:-1\" \/>\n<link rel=\"canonical\" href=\"https:\/\/chapterzero-france.com\/index.php\/consolidation-de-scorecard-individuelles\/\" \/>\n<meta property=\"og:locale\" content=\"fr_FR\" \/>\n<meta property=\"og:type\" content=\"article\" \/>\n<meta property=\"og:title\" content=\"Consolidation de Scorecard individuelles - Chapter Zero France\" \/>\n<meta property=\"og:description\" content=\"Les r\u00e9sultats individuels de plusieurs administrateurs au sein du m\u00eame Conseil peuvent \u00eatre group\u00e9s : la vision consolid\u00e9e de la moyenne et des \u00e9carts est fort utile pour engager une discussion coll\u00e9giale. Pour effectuer la consolidation, il faut disposer des codes attribu\u00e9s individuellement figurant dans l\u2019angle haut \u2013 droite de&hellip;\" \/>\n<meta property=\"og:url\" content=\"https:\/\/chapterzero-france.com\/index.php\/consolidation-de-scorecard-individuelles\/\" \/>\n<meta property=\"og:site_name\" content=\"Chapter Zero France\" \/>\n<meta property=\"article:modified_time\" content=\"2024-09-29T17:57:35+00:00\" \/>\n<meta property=\"og:image\" content=\"https:\/\/chapterzero-france.com\/wp-content\/uploads\/2022\/09\/0C62EA6C-5C0E-49DD-B914-4B869DBEBBAD.png\" \/>\n<meta name=\"twitter:card\" content=\"summary_large_image\" \/>\n<meta name=\"twitter:label1\" content=\"Dur\u00e9e de lecture estim\u00e9e\" \/>\n\t<meta name=\"twitter:data1\" content=\"1 minute\" \/>\n<script type=\"application\/ld+json\" class=\"yoast-schema-graph\">{\"@context\":\"https:\/\/schema.org\",\"@graph\":[{\"@type\":\"WebPage\",\"@id\":\"https:\/\/chapterzero-france.com\/index.php\/consolidation-de-scorecard-individuelles\/\",\"url\":\"https:\/\/chapterzero-france.com\/index.php\/consolidation-de-scorecard-individuelles\/\",\"name\":\"Consolidation de Scorecard individuelles - Chapter Zero France\",\"isPartOf\":{\"@id\":\"https:\/\/chapterzero-france.com\/#website\"},\"primaryImageOfPage\":{\"@id\":\"https:\/\/chapterzero-france.com\/index.php\/consolidation-de-scorecard-individuelles\/#primaryimage\"},\"image\":{\"@id\":\"https:\/\/chapterzero-france.com\/index.php\/consolidation-de-scorecard-individuelles\/#primaryimage\"},\"thumbnailUrl\":\"https:\/\/chapterzero-france.com\/wp-content\/uploads\/2022\/09\/0C62EA6C-5C0E-49DD-B914-4B869DBEBBAD.png\",\"datePublished\":\"2022-09-06T11:22:54+00:00\",\"dateModified\":\"2024-09-29T17:57:35+00:00\",\"breadcrumb\":{\"@id\":\"https:\/\/chapterzero-france.com\/index.php\/consolidation-de-scorecard-individuelles\/#breadcrumb\"},\"inLanguage\":\"fr-FR\",\"potentialAction\":[{\"@type\":\"ReadAction\",\"target\":[\"https:\/\/chapterzero-france.com\/index.php\/consolidation-de-scorecard-individuelles\/\"]}]},{\"@type\":\"ImageObject\",\"inLanguage\":\"fr-FR\",\"@id\":\"https:\/\/chapterzero-france.com\/index.php\/consolidation-de-scorecard-individuelles\/#primaryimage\",\"url\":\"https:\/\/chapterzero-france.com\/wp-content\/uploads\/2022\/09\/0C62EA6C-5C0E-49DD-B914-4B869DBEBBAD.png\",\"contentUrl\":\"https:\/\/chapterzero-france.com\/wp-content\/uploads\/2022\/09\/0C62EA6C-5C0E-49DD-B914-4B869DBEBBAD.png\",\"width\":1024,\"height\":239},{\"@type\":\"BreadcrumbList\",\"@id\":\"https:\/\/chapterzero-france.com\/index.php\/consolidation-de-scorecard-individuelles\/#breadcrumb\",\"itemListElement\":[{\"@type\":\"ListItem\",\"position\":1,\"name\":\"Accueil\",\"item\":\"https:\/\/chapterzero-france.com\/\"},{\"@type\":\"ListItem\",\"position\":2,\"name\":\"Consolidation de Scorecard individuelles\"}]},{\"@type\":\"WebSite\",\"@id\":\"https:\/\/chapterzero-france.com\/#website\",\"url\":\"https:\/\/chapterzero-france.com\/\",\"name\":\"Chapter Zero France\",\"description\":\"Le Forum Climat des Administrateurs\",\"publisher\":{\"@id\":\"https:\/\/chapterzero-france.com\/#organization\"},\"potentialAction\":[{\"@type\":\"SearchAction\",\"target\":{\"@type\":\"EntryPoint\",\"urlTemplate\":\"https:\/\/chapterzero-france.com\/?s={search_term_string}\"},\"query-input\":{\"@type\":\"PropertyValueSpecification\",\"valueRequired\":true,\"valueName\":\"search_term_string\"}}],\"inLanguage\":\"fr-FR\"},{\"@type\":\"Organization\",\"@id\":\"https:\/\/chapterzero-france.com\/#organization\",\"name\":\"Chapter Zero France\",\"url\":\"https:\/\/chapterzero-france.com\/\",\"logo\":{\"@type\":\"ImageObject\",\"inLanguage\":\"fr-FR\",\"@id\":\"https:\/\/chapterzero-france.com\/#\/schema\/logo\/image\/\",\"url\":\"https:\/\/chapterzero-france.com\/wp-content\/uploads\/2020\/08\/ChapterZero_Logo_FranceForumClimat-e1598537853484.jpg\",\"contentUrl\":\"https:\/\/chapterzero-france.com\/wp-content\/uploads\/2020\/08\/ChapterZero_Logo_FranceForumClimat-e1598537853484.jpg\",\"width\":100,\"height\":38,\"caption\":\"Chapter Zero France\"},\"image\":{\"@id\":\"https:\/\/chapterzero-france.com\/#\/schema\/logo\/image\/\"}}]}<\/script>\n<!-- \/ Yoast SEO plugin. -->","yoast_head_json":{"title":"Consolidation de Scorecard individuelles - Chapter Zero France","robots":{"index":"index","follow":"follow","max-snippet":"max-snippet:-1","max-image-preview":"max-image-preview:large","max-video-preview":"max-video-preview:-1"},"canonical":"https:\/\/chapterzero-france.com\/index.php\/consolidation-de-scorecard-individuelles\/","og_locale":"fr_FR","og_type":"article","og_title":"Consolidation de Scorecard individuelles - Chapter Zero France","og_description":"Les r\u00e9sultats individuels de plusieurs administrateurs au sein du m\u00eame Conseil peuvent \u00eatre group\u00e9s : la vision consolid\u00e9e de la moyenne et des \u00e9carts est fort utile pour engager une discussion coll\u00e9giale. Pour effectuer la consolidation, il faut disposer des codes attribu\u00e9s individuellement figurant dans l\u2019angle haut \u2013 droite de&hellip;","og_url":"https:\/\/chapterzero-france.com\/index.php\/consolidation-de-scorecard-individuelles\/","og_site_name":"Chapter Zero France","article_modified_time":"2024-09-29T17:57:35+00:00","og_image":[{"url":"https:\/\/chapterzero-france.com\/wp-content\/uploads\/2022\/09\/0C62EA6C-5C0E-49DD-B914-4B869DBEBBAD.png"}],"twitter_card":"summary_large_image","twitter_misc":{"Dur\u00e9e de lecture estim\u00e9e":"1 minute"},"schema":{"@context":"https:\/\/schema.org","@graph":[{"@type":"WebPage","@id":"https:\/\/chapterzero-france.com\/index.php\/consolidation-de-scorecard-individuelles\/","url":"https:\/\/chapterzero-france.com\/index.php\/consolidation-de-scorecard-individuelles\/","name":"Consolidation de Scorecard individuelles - Chapter Zero France","isPartOf":{"@id":"https:\/\/chapterzero-france.com\/#website"},"primaryImageOfPage":{"@id":"https:\/\/chapterzero-france.com\/index.php\/consolidation-de-scorecard-individuelles\/#primaryimage"},"image":{"@id":"https:\/\/chapterzero-france.com\/index.php\/consolidation-de-scorecard-individuelles\/#primaryimage"},"thumbnailUrl":"https:\/\/chapterzero-france.com\/wp-content\/uploads\/2022\/09\/0C62EA6C-5C0E-49DD-B914-4B869DBEBBAD.png","datePublished":"2022-09-06T11:22:54+00:00","dateModified":"2024-09-29T17:57:35+00:00","breadcrumb":{"@id":"https:\/\/chapterzero-france.com\/index.php\/consolidation-de-scorecard-individuelles\/#breadcrumb"},"inLanguage":"fr-FR","potentialAction":[{"@type":"ReadAction","target":["https:\/\/chapterzero-france.com\/index.php\/consolidation-de-scorecard-individuelles\/"]}]},{"@type":"ImageObject","inLanguage":"fr-FR","@id":"https:\/\/chapterzero-france.com\/index.php\/consolidation-de-scorecard-individuelles\/#primaryimage","url":"https:\/\/chapterzero-france.com\/wp-content\/uploads\/2022\/09\/0C62EA6C-5C0E-49DD-B914-4B869DBEBBAD.png","contentUrl":"https:\/\/chapterzero-france.com\/wp-content\/uploads\/2022\/09\/0C62EA6C-5C0E-49DD-B914-4B869DBEBBAD.png","width":1024,"height":239},{"@type":"BreadcrumbList","@id":"https:\/\/chapterzero-france.com\/index.php\/consolidation-de-scorecard-individuelles\/#breadcrumb","itemListElement":[{"@type":"ListItem","position":1,"name":"Accueil","item":"https:\/\/chapterzero-france.com\/"},{"@type":"ListItem","position":2,"name":"Consolidation de Scorecard individuelles"}]},{"@type":"WebSite","@id":"https:\/\/chapterzero-france.com\/#website","url":"https:\/\/chapterzero-france.com\/","name":"Chapter Zero France","description":"Le Forum Climat des Administrateurs","publisher":{"@id":"https:\/\/chapterzero-france.com\/#organization"},"potentialAction":[{"@type":"SearchAction","target":{"@type":"EntryPoint","urlTemplate":"https:\/\/chapterzero-france.com\/?s={search_term_string}"},"query-input":{"@type":"PropertyValueSpecification","valueRequired":true,"valueName":"search_term_string"}}],"inLanguage":"fr-FR"},{"@type":"Organization","@id":"https:\/\/chapterzero-france.com\/#organization","name":"Chapter Zero France","url":"https:\/\/chapterzero-france.com\/","logo":{"@type":"ImageObject","inLanguage":"fr-FR","@id":"https:\/\/chapterzero-france.com\/#\/schema\/logo\/image\/","url":"https:\/\/chapterzero-france.com\/wp-content\/uploads\/2020\/08\/ChapterZero_Logo_FranceForumClimat-e1598537853484.jpg","contentUrl":"https:\/\/chapterzero-france.com\/wp-content\/uploads\/2020\/08\/ChapterZero_Logo_FranceForumClimat-e1598537853484.jpg","width":100,"height":38,"caption":"Chapter Zero France"},"image":{"@id":"https:\/\/chapterzero-france.com\/#\/schema\/logo\/image\/"}}]}},"coauthors":[],"author_meta":{"author_link":"https:\/\/chapterzero-france.com\/index.php\/author\/handsup\/","display_name":"Andy Moore"},"relative_dates":{"created":"Publi\u00e9 4 ans il y a","modified":"Mis \u00e0 jour 2 ans il y a"},"absolute_dates":{"created":"Publi\u00e9 le 6 septembre 2022","modified":"Mise \u00e0 jour le 29 septembre 2024"},"absolute_dates_time":{"created":"Publi\u00e9 le 6 septembre 2022 13 h 22 min","modified":"Mise \u00e0 jour le 29 septembre 2024 19 h 57 min"},"featured_img_caption":"","featured_img":false,"series_order":"","_links":{"self":[{"href":"https:\/\/chapterzero-france.com\/index.php\/wp-json\/wp\/v2\/pages\/6988","targetHints":{"allow":["GET"]}}],"collection":[{"href":"https:\/\/chapterzero-france.com\/index.php\/wp-json\/wp\/v2\/pages"}],"about":[{"href":"https:\/\/chapterzero-france.com\/index.php\/wp-json\/wp\/v2\/types\/page"}],"author":[{"embeddable":true,"href":"https:\/\/chapterzero-france.com\/index.php\/wp-json\/wp\/v2\/users\/7"}],"replies":[{"embeddable":true,"href":"https:\/\/chapterzero-france.com\/index.php\/wp-json\/wp\/v2\/comments?post=6988"}],"version-history":[{"count":2,"href":"https:\/\/chapterzero-france.com\/index.php\/wp-json\/wp\/v2\/pages\/6988\/revisions"}],"predecessor-version":[{"id":7349,"href":"https:\/\/chapterzero-france.com\/index.php\/wp-json\/wp\/v2\/pages\/6988\/revisions\/7349"}],"wp:attachment":[{"href":"https:\/\/chapterzero-france.com\/index.php\/wp-json\/wp\/v2\/media?parent=6988"}],"curies":[{"name":"wp","href":"https:\/\/api.w.org\/{rel}","templated":true}]}}