{"id":7225,"date":"2023-11-17T12:46:00","date_gmt":"2023-11-17T11:46:00","guid":{"rendered":"https:\/\/chapterzero-france.com\/?page_id=7225"},"modified":"2023-11-17T12:46:02","modified_gmt":"2023-11-17T11:46:02","slug":"les-criteres-climat-et-esg-facteurs-de-performance-pour-les-eti-visant-une-introduction-en-bourse","status":"publish","type":"page","link":"https:\/\/chapterzero-france.com\/index.php\/les-criteres-climat-et-esg-facteurs-de-performance-pour-les-eti-visant-une-introduction-en-bourse\/","title":{"rendered":"Les crit\u00e8res climat et ESG, facteurs de performance pour les ETI visant une introduction en bourse ?"},"content":{"rendered":"<div id=\"wppb-builder-container\" class=\"wppb-builder-container\">                <div  class=\"wppb-row-parent  wppb-row-1664952127682 \"  >\n\t\t\t\t\t\n\t\t\t\t\t\t\t\t\t\t\n\t\t\t\t\t\t\t\t\t\t\n\t\t\t\t\t<div class=\"wppb-container \">\n\t\t\t\t\t\t\t\t\t\t\t\t\t\n                        <div class=\"wppb-row\">\n\t\t\t\t\t\t\t                                    <div  class=\"wppb-column-parent wppb-column-parent-view wppb-col-1664952127681  \"  >\n                                        <div class=\"wppb-column\">\n\t\t\t\t\t\n\t\t\t\t\t\t\t\t\t\t\t\n                                            <div class=\"wppb-builder-addons\">\n\t\t\t\t\t\t\t\t\t\t\t\t                                            <\/div>\n                                        <\/div>\n                                    <\/div>\n\t\t\t\t\t\t\t\t\t                        <\/div>\n\n                    <\/div>\n                <\/div>\n\t\t\t\t                <div  class=\"wppb-row-parent  wppb-row-1612115273447 \"  >\n\t\t\t\t\t\n\t\t\t\t\t\t\t\t\t\t\n\t\t\t\t\t\t\t\t\t\t\n\t\t\t\t\t<div class=\"wppb-container \">\n\t\t\t\t\t\t\t\t\t\t\t\t\t\n                        <div class=\"wppb-row\">\n\t\t\t\t\t\t\t                                    <div  class=\"wppb-column-parent wppb-column-parent-view wppb-col-1612115273446  \"  >\n                                        <div class=\"wppb-column\">\n\t\t\t\t\t\n\t\t\t\t\t\t\t\t\t\t\t\n                                            <div class=\"wppb-builder-addons\">\n\t\t\t\t\t\t\t\t\t\t\t\t<div class='wppb-builder-addon wppb-addon-1612115323379'  data-addon-id='1612115323379'><div class='wppb-addon'><div class=\"wppb-text-block-addon\"><div class=\"wppb-text-block-content 0\"><p style=\"text-align: center\"><strong>Organis\u00e9 par Chapter Zero France en collaboration avec <a href=\"https:\/\/www.linkedin.com\/company\/euronext\/\">Euronext<\/a><\/strong><\/p><p style=\"text-align: left\">Ce webinaire est en lien avec notre partenaire EURONEXT qui a publi\u00e9 en septembre un guide \u00e9labor\u00e9 avec l\u2019Institut de la Finance Durable \u00ab\u00a0Pr\u00e9paration d\u2019une IPO\u00a0: guide des bonnes pratiques ESG\u00a0\u00bb.\u00a0<\/p><p style=\"text-align: left\">La table ronde est \u00e9clair\u00e9e aussi par l\u2019exemple concret de la soci\u00e9t\u00e9 Hoffmann Ciment Green, c\u00f4t\u00e9e sur Euronext Growth depuis 2019. Son mod\u00e8le \u00e9conomique est bas\u00e9 sur la d\u00e9carbonation du secteur de la construction. L\u2019IPO lui a permis de formaliser son plan d\u2019actions autour des crit\u00e8res ESG et de d\u00e9ployer \u00e0 l\u2019issue\u00a0 sa strat\u00e9gie ESG.<\/p><p style=\"text-align: left\">Le contexte de ces derni\u00e8res ann\u00e9es est rappel\u00e9 et le changement de paradigme avec une tr\u00e8s forte collecte nette des fonds ESG ainsi qu\u2019une croissance \u00e0 deux chiffres sur chaque trimestre. En 2022, cela repr\u00e9sentait 20% des collectes de fonds contre 12-13% en 2021. Des gestionnaires europ\u00e9ens envisagent d'exclure les fonds non-ESG d\u00e8s 2024.<\/p><p style=\"text-align: left\">L'introduction en bourse (IPO) est une \u00e9tape importante pour une entreprise, souvent li\u00e9e \u00e0 un nouveau cycle de d\u00e9veloppement dans la vie de la soci\u00e9t\u00e9, offre divers avantages tels que l'acc\u00e8s aux capitaux et une plus grande attention du public. Cependant, elle entra\u00eene une surveillance accrue de la part du r\u00e9gulateur et des investisseurs.<\/p><p style=\"text-align: left\">La pr\u00e9paration d\u2019une introduction en bourse ne se limite pas aux aspects financiers, il s\u2019agit de pr\u00e9parer l\u2019execution de la strat\u00e9gie pour cette nouvelle \u00e9tape apr\u00e8s l\u2019IPO, sa mise en \u0153uvre effective et efficace.<\/p><p style=\"text-align: left\">Pour g\u00e9rer habilement cette transition, les entreprises doivent mettre en place un cadre solide de gouvernance d'entreprise, souvent nouveau qui int\u00e8gre les aspects climatiques au centre de la strat\u00e9gie, au c\u0153ur des d\u00e9bats du conseil.<\/p><p style=\"text-align: left\"><span style=\"font-weight: 400\">Des messages cl\u00e9s\u00a0:<\/span><\/p><p style=\"text-align: left\"><b>J\u00e9rome Caron (Hoffmann Green Cement Technologies) <\/b><span style=\"font-weight: 400\">: l\u2019ESG doit \u00eatre pragmatique\u00a0: tous les plans d'actions et d\u00e9cisions int\u00e9grant ces crit\u00e8res servent l'entreprise et le mod\u00e8le \u00e9conomique, et doivent \u00eatre cr\u00e9ateurs de valeur. L'ESG ne doit pas \u00eatre un domaine d'experts mais doit \u00eatre l'affaire de tous pour \u00eatre int\u00e9gr\u00e9 aux d\u00e9cisions quotidiennes et \u00e0 l'ADN de l\u2019entreprise.\u00a0<\/span><\/p><p style=\"text-align: left\"><b>Aude Contamin (CDC Croissance) :<\/b> <span style=\"font-weight: 400\">\u00a0nous sommes pass\u00e9s en quelques ann\u00e9es d'un ESG qui existait pour remplir les cases, \u00e0 un ESG qui est au c\u0153ur de la strat\u00e9gie business de l'entreprise. Les investisseurs suivent de mani\u00e8re pr\u00e9cise les engagements pris notamment en mati\u00e8re de trajectoire de r\u00e9duction d\u2019empreinte climatique. Si les conseils et \u00e9quipes de de management ne se soumettent pas \u00e0 cet exercice, elles courent le risque de ne pas avoir acc\u00e8s aux financements \u00e0 la fois en haut et bas de bilan.<\/span><\/p><p style=\"text-align: left\"><span style=\"font-weight: 400\"><br \/><\/span><b>St\u00e9phanie Arnaud (Rothschild &amp; Co Equity Market Solutions) :<\/b> <span style=\"font-weight: 400\">le mot-clef est anticipation, cela prend du temps de collecter des indicateurs climat et ESG, de pr\u00e9parer une feuille de route, et d\u2019obtenir un rating. Anticiper 18 \u00e0 24 mois avant l'IPO permet une fluidit\u00e9 pour la mise en oeuvre de la strat\u00e9gie apr\u00e8s la cotation. Cela n\u00e9cessite souvent des \u00e9quipes d\u00e9di\u00e9es, les relations investisseurs ne pouvant y r\u00e9pondre seuls.<\/span><\/p><p style=\"text-align: left\"><b>Alain Baetens (Euronext) <\/b><span style=\"font-weight: 400\">: au-del\u00e0 des aspects r\u00e8glementaires, pouvoir transmettre une vision de long-terme a toujours \u00e9t\u00e9 une clef de la r\u00e9ussite d'une IPO. Quand elles pr\u00e9sentent les informations aux investisseurs, les entreprises doivent bien comprendre\u00a0les attentes de ceux-ci, et utiliser les cadres de reporting internationaux. Quelques bonnes pratiques\u00a0: r\u00e9aliser un diagnostic avant un reporting, commencer le plus t\u00f4t possible, identifier les enjeux mat\u00e9riels. La mise en place d\u2019une strat\u00e9gie ESG est un enjeu \u00e0 long-terme. Communiquez sur les enjeux de transformation coh\u00e9rents et mesurez la progression, et faites-vous accompagner par de vrais experts.<\/span><\/p><p style=\"text-align: left\"><span style=\"font-weight: 400\">Concernant la gouvernance, convergence des pan\u00e9listes pour dire qu\u2019elle doit \u00eatre adapt\u00e9e au projet \u00e0 la fois en mati\u00e8re de composition du conseil d\u2019administration et de structure de gouvernance. Les investisseurs y sont de plus en plus attentifs et suivent diff\u00e9rents crit\u00e8res\u00a0li\u00e9s \u00e0 la typologie du conseil, \u00e0 son fonctionnement, aux indicateurs suivis\u00a0 (r\u00e9mun\u00e9ration de l\u2019\u00e9quipe dirigeante, diversit\u00e9, comit\u00e9s).<\/span><\/p><p style=\"text-align: left\"><span style=\"font-weight: 400\">L\u2019exemple de Hoffmann Green Cement est \u00e9clairant, avec le choix d\u2019un directoire et d\u2019un conseil de surveillance, les sujets climat et plus largement RSE \u00e9tant port\u00e9s par ces instances dans leur enti\u00e8ret\u00e9 et non par un comit\u00e9 sp\u00e9cialis\u00e9, avec une prise de d\u00e9cision int\u00e9grant la d\u00e9carbonation d\u00e9clin\u00e9e \u00e0 tout niveau de l\u2019entreprise.<\/span><\/p><\/div><\/div><\/div><\/div>                                            <\/div>\n                                        <\/div>\n                                    <\/div>\n\t\t\t\t\t\t\t\t\t                                    <div  class=\"wppb-column-parent wppb-column-parent-view wppb-col-1667233365723  \"  >\n                                        <div class=\"wppb-column\">\n\t\t\t\t\t\n\t\t\t\t\t\t\t\t\t\t\t\n                                            <div class=\"wppb-builder-addons\">\n\t\t\t\t\t\t\t\t\t\t\t\t<div class='wppb-builder-addon wppb-addon-1702811310806'  data-addon-id='1702811310806'><div class='wppb-addon'><div class=\"wppb-video-addon\"><div class=\"wppb-video-content\"><div class=\"wppb-video-block wppb-embed-responsive wppb-embed-responsive-16by9\"><iframe class=\"wppb-embed-responsive-item\" src=\"\/\/www.youtube.com\/embed\/dlIhEa4KQeg?controls=1&#038;modestbranding=0\" allowFullScreen><\/iframe><\/div><\/div><\/div><\/div><\/div>                                            <\/div>\n                                        <\/div>\n                                    <\/div>\n\t\t\t\t\t\t\t\t\t                        <\/div>\n\n                    <\/div>\n                <\/div>\n\t\t\t\t                <div  class=\"wppb-row-parent  wppb-row-1667233365709 \"  >\n\t\t\t\t\t\n\t\t\t\t\t\t\t\t\t\t\n\t\t\t\t\t\t\t\t\t\t\n\t\t\t\t\t<div class=\"wppb-container \">\n\t\t\t\t\t\t\t\t\t\t\t\t\t\n                        <div class=\"wppb-row\">\n\t\t\t\t\t\t\t                                    <div  class=\"wppb-column-parent wppb-column-parent-view wppb-col-1667233365710  \"  >\n                                        <div class=\"wppb-column\">\n\t\t\t\t\t\n\t\t\t\t\t\t\t\t\t\t\t\n                                            <div class=\"wppb-builder-addons\">\n\t\t\t\t\t\t\t\t\t\t\t\t<div class='wppb-builder-addon wppb-addon-1667233365711'  data-addon-id='1667233365711'><div class='wppb-addon'><div class=\"wppb-text-block-addon\"><div class=\"wppb-text-block-content 0\"><h2 style=\"text-align: center\">Pan\u00e9listes de la session<\/h2><p style=\"text-align: left\"><strong><span class=\"has-inline-color has-luminous-vivid-amber-color\">Pan\u00e9listes<\/span><\/strong><\/p><p><!-- \/wp:paragraph --> <!-- wp:list --><\/p><ul style=\"text-align: left\"><li>St\u00e9phanie Arnaud, Managing director chez\u00a0<strong>Rothschild &amp; Co Equity Market Solutions<\/strong><\/li><li>Alain Baetens, Head of listing large cap chez\u00a0<strong>Euronext<\/strong><\/li><li>J\u00e9r\u00f4me Caron, CFO d\u2019<strong>Hoffmann Green Cement technologies<\/strong><\/li><li>Aude Contamin, Responsable de la gestion Small &amp; mid cap chez\u00a0<strong>CDC Croissance<\/strong><\/li><\/ul><p>\u00a0<\/p><p style=\"text-align: left\"><strong><span class=\"has-inline-color has-luminous-vivid-amber-color\">Mod\u00e9ratrice<\/span><\/strong><\/p><ul style=\"text-align: left\"><li>Isabelle de GAVOTY- Responsable de la th\u00e9matique impact global environnement chez\u00a0<strong>Mirova<\/strong>, administratrice d\u2019ETI et membre de\u00a0<strong>Chapter Zero France<\/strong><\/li><\/ul><p style=\"text-align: left\"><strong>Date: 16\/11\/2023<\/strong><\/p><\/div><\/div><\/div><\/div>                                            <\/div>\n                                        <\/div>\n                                    <\/div>\n\t\t\t\t\t\t\t\t\t                                    <div  class=\"wppb-column-parent wppb-column-parent-view wppb-col-1667233365712  \"  >\n                                        <div class=\"wppb-column\">\n\t\t\t\t\t\n\t\t\t\t\t\t\t\t\t\t\t\n                                            <div class=\"wppb-builder-addons\">\n\t\t\t\t\t\t\t\t\t\t\t\t                                            <\/div>\n                                        <\/div>\n                                    <\/div>\n\t\t\t\t\t\t\t\t\t                        <\/div>\n\n                    <\/div>\n                <\/div>\n\t\t\t\t<\/div>","protected":false},"excerpt":{"rendered":"<p>Organis\u00e9 par Chapter Zero France en collaboration avec EuronextCe webinaire est en lien avec notre partenaire EURONEXT qui a publi\u00e9 en septembre un guide \u00e9labor\u00e9 avec l\u2019Institut de la Finance Durable \u00ab\u00a0Pr\u00e9paration d\u2019une IPO\u00a0: guide des bonnes pratiques ESG\u00a0\u00bb.\u00a0La table ronde est \u00e9clair\u00e9e aussi par l\u2019exemple concret de la soci\u00e9t\u00e9&hellip;<\/p>\n","protected":false},"author":4,"featured_media":0,"parent":0,"menu_order":0,"comment_status":"closed","ping_status":"closed","template":"","meta":{"advgb_blocks_editor_width":"","advgb_blocks_columns_visual_guide":"","_monsterinsights_skip_tracking":false,"_monsterinsights_sitenote_active":false,"_monsterinsights_sitenote_note":"","_monsterinsights_sitenote_category":0,"footnotes":""},"class_list":["post-7225","page","type-page","status-publish","hentry"],"yoast_head":"<!-- This site is optimized with the Yoast SEO plugin v23.4 - https:\/\/yoast.com\/wordpress\/plugins\/seo\/ -->\n<title>Les crit\u00e8res climat et ESG, facteurs de performance pour les ETI visant une introduction en bourse ? - Chapter Zero France<\/title>\n<meta name=\"robots\" content=\"index, follow, max-snippet:-1, max-image-preview:large, max-video-preview:-1\" \/>\n<link rel=\"canonical\" href=\"https:\/\/chapterzero-france.com\/index.php\/les-criteres-climat-et-esg-facteurs-de-performance-pour-les-eti-visant-une-introduction-en-bourse\/\" \/>\n<meta property=\"og:locale\" content=\"fr_FR\" \/>\n<meta property=\"og:type\" content=\"article\" \/>\n<meta property=\"og:title\" content=\"Les crit\u00e8res climat et ESG, facteurs de performance pour les ETI visant une introduction en bourse ? - Chapter Zero France\" \/>\n<meta property=\"og:description\" content=\"Organis\u00e9 par Chapter Zero France en collaboration avec EuronextCe webinaire est en lien avec notre partenaire EURONEXT qui a publi\u00e9 en septembre un guide \u00e9labor\u00e9 avec l\u2019Institut de la Finance Durable \u00ab\u00a0Pr\u00e9paration d\u2019une IPO\u00a0: guide des bonnes pratiques ESG\u00a0\u00bb.\u00a0La table ronde est \u00e9clair\u00e9e aussi par l\u2019exemple concret de la soci\u00e9t\u00e9&hellip;\" \/>\n<meta property=\"og:url\" content=\"https:\/\/chapterzero-france.com\/index.php\/les-criteres-climat-et-esg-facteurs-de-performance-pour-les-eti-visant-une-introduction-en-bourse\/\" \/>\n<meta property=\"og:site_name\" content=\"Chapter Zero France\" \/>\n<meta property=\"article:modified_time\" content=\"2023-11-17T11:46:02+00:00\" \/>\n<meta name=\"twitter:card\" content=\"summary_large_image\" \/>\n<script type=\"application\/ld+json\" class=\"yoast-schema-graph\">{\"@context\":\"https:\/\/schema.org\",\"@graph\":[{\"@type\":\"WebPage\",\"@id\":\"https:\/\/chapterzero-france.com\/index.php\/les-criteres-climat-et-esg-facteurs-de-performance-pour-les-eti-visant-une-introduction-en-bourse\/\",\"url\":\"https:\/\/chapterzero-france.com\/index.php\/les-criteres-climat-et-esg-facteurs-de-performance-pour-les-eti-visant-une-introduction-en-bourse\/\",\"name\":\"Les crit\u00e8res climat et ESG, facteurs de performance pour les ETI visant une introduction en bourse ? - Chapter Zero France\",\"isPartOf\":{\"@id\":\"https:\/\/chapterzero-france.com\/#website\"},\"datePublished\":\"2023-11-17T11:46:00+00:00\",\"dateModified\":\"2023-11-17T11:46:02+00:00\",\"breadcrumb\":{\"@id\":\"https:\/\/chapterzero-france.com\/index.php\/les-criteres-climat-et-esg-facteurs-de-performance-pour-les-eti-visant-une-introduction-en-bourse\/#breadcrumb\"},\"inLanguage\":\"fr-FR\",\"potentialAction\":[{\"@type\":\"ReadAction\",\"target\":[\"https:\/\/chapterzero-france.com\/index.php\/les-criteres-climat-et-esg-facteurs-de-performance-pour-les-eti-visant-une-introduction-en-bourse\/\"]}]},{\"@type\":\"BreadcrumbList\",\"@id\":\"https:\/\/chapterzero-france.com\/index.php\/les-criteres-climat-et-esg-facteurs-de-performance-pour-les-eti-visant-une-introduction-en-bourse\/#breadcrumb\",\"itemListElement\":[{\"@type\":\"ListItem\",\"position\":1,\"name\":\"Accueil\",\"item\":\"https:\/\/chapterzero-france.com\/\"},{\"@type\":\"ListItem\",\"position\":2,\"name\":\"Les crit\u00e8res climat et ESG, facteurs de performance pour les ETI visant une introduction en bourse ?\"}]},{\"@type\":\"WebSite\",\"@id\":\"https:\/\/chapterzero-france.com\/#website\",\"url\":\"https:\/\/chapterzero-france.com\/\",\"name\":\"Chapter Zero France\",\"description\":\"Le Forum Climat des Administrateurs\",\"publisher\":{\"@id\":\"https:\/\/chapterzero-france.com\/#organization\"},\"potentialAction\":[{\"@type\":\"SearchAction\",\"target\":{\"@type\":\"EntryPoint\",\"urlTemplate\":\"https:\/\/chapterzero-france.com\/?s={search_term_string}\"},\"query-input\":{\"@type\":\"PropertyValueSpecification\",\"valueRequired\":true,\"valueName\":\"search_term_string\"}}],\"inLanguage\":\"fr-FR\"},{\"@type\":\"Organization\",\"@id\":\"https:\/\/chapterzero-france.com\/#organization\",\"name\":\"Chapter Zero France\",\"url\":\"https:\/\/chapterzero-france.com\/\",\"logo\":{\"@type\":\"ImageObject\",\"inLanguage\":\"fr-FR\",\"@id\":\"https:\/\/chapterzero-france.com\/#\/schema\/logo\/image\/\",\"url\":\"https:\/\/chapterzero-france.com\/wp-content\/uploads\/2020\/08\/ChapterZero_Logo_FranceForumClimat-e1598537853484.jpg\",\"contentUrl\":\"https:\/\/chapterzero-france.com\/wp-content\/uploads\/2020\/08\/ChapterZero_Logo_FranceForumClimat-e1598537853484.jpg\",\"width\":100,\"height\":38,\"caption\":\"Chapter Zero France\"},\"image\":{\"@id\":\"https:\/\/chapterzero-france.com\/#\/schema\/logo\/image\/\"}}]}<\/script>\n<!-- \/ Yoast SEO plugin. -->","yoast_head_json":{"title":"Les crit\u00e8res climat et ESG, facteurs de performance pour les ETI visant une introduction en bourse ? - Chapter Zero France","robots":{"index":"index","follow":"follow","max-snippet":"max-snippet:-1","max-image-preview":"max-image-preview:large","max-video-preview":"max-video-preview:-1"},"canonical":"https:\/\/chapterzero-france.com\/index.php\/les-criteres-climat-et-esg-facteurs-de-performance-pour-les-eti-visant-une-introduction-en-bourse\/","og_locale":"fr_FR","og_type":"article","og_title":"Les crit\u00e8res climat et ESG, facteurs de performance pour les ETI visant une introduction en bourse ? - Chapter Zero France","og_description":"Organis\u00e9 par Chapter Zero France en collaboration avec EuronextCe webinaire est en lien avec notre partenaire EURONEXT qui a publi\u00e9 en septembre un guide \u00e9labor\u00e9 avec l\u2019Institut de la Finance Durable \u00ab\u00a0Pr\u00e9paration d\u2019une IPO\u00a0: guide des bonnes pratiques ESG\u00a0\u00bb.\u00a0La table ronde est \u00e9clair\u00e9e aussi par l\u2019exemple concret de la soci\u00e9t\u00e9&hellip;","og_url":"https:\/\/chapterzero-france.com\/index.php\/les-criteres-climat-et-esg-facteurs-de-performance-pour-les-eti-visant-une-introduction-en-bourse\/","og_site_name":"Chapter Zero France","article_modified_time":"2023-11-17T11:46:02+00:00","twitter_card":"summary_large_image","schema":{"@context":"https:\/\/schema.org","@graph":[{"@type":"WebPage","@id":"https:\/\/chapterzero-france.com\/index.php\/les-criteres-climat-et-esg-facteurs-de-performance-pour-les-eti-visant-une-introduction-en-bourse\/","url":"https:\/\/chapterzero-france.com\/index.php\/les-criteres-climat-et-esg-facteurs-de-performance-pour-les-eti-visant-une-introduction-en-bourse\/","name":"Les crit\u00e8res climat et ESG, facteurs de performance pour les ETI visant une introduction en bourse ? - Chapter Zero France","isPartOf":{"@id":"https:\/\/chapterzero-france.com\/#website"},"datePublished":"2023-11-17T11:46:00+00:00","dateModified":"2023-11-17T11:46:02+00:00","breadcrumb":{"@id":"https:\/\/chapterzero-france.com\/index.php\/les-criteres-climat-et-esg-facteurs-de-performance-pour-les-eti-visant-une-introduction-en-bourse\/#breadcrumb"},"inLanguage":"fr-FR","potentialAction":[{"@type":"ReadAction","target":["https:\/\/chapterzero-france.com\/index.php\/les-criteres-climat-et-esg-facteurs-de-performance-pour-les-eti-visant-une-introduction-en-bourse\/"]}]},{"@type":"BreadcrumbList","@id":"https:\/\/chapterzero-france.com\/index.php\/les-criteres-climat-et-esg-facteurs-de-performance-pour-les-eti-visant-une-introduction-en-bourse\/#breadcrumb","itemListElement":[{"@type":"ListItem","position":1,"name":"Accueil","item":"https:\/\/chapterzero-france.com\/"},{"@type":"ListItem","position":2,"name":"Les crit\u00e8res climat et ESG, facteurs de performance pour les ETI visant une introduction en bourse ?"}]},{"@type":"WebSite","@id":"https:\/\/chapterzero-france.com\/#website","url":"https:\/\/chapterzero-france.com\/","name":"Chapter Zero France","description":"Le Forum Climat des Administrateurs","publisher":{"@id":"https:\/\/chapterzero-france.com\/#organization"},"potentialAction":[{"@type":"SearchAction","target":{"@type":"EntryPoint","urlTemplate":"https:\/\/chapterzero-france.com\/?s={search_term_string}"},"query-input":{"@type":"PropertyValueSpecification","valueRequired":true,"valueName":"search_term_string"}}],"inLanguage":"fr-FR"},{"@type":"Organization","@id":"https:\/\/chapterzero-france.com\/#organization","name":"Chapter Zero France","url":"https:\/\/chapterzero-france.com\/","logo":{"@type":"ImageObject","inLanguage":"fr-FR","@id":"https:\/\/chapterzero-france.com\/#\/schema\/logo\/image\/","url":"https:\/\/chapterzero-france.com\/wp-content\/uploads\/2020\/08\/ChapterZero_Logo_FranceForumClimat-e1598537853484.jpg","contentUrl":"https:\/\/chapterzero-france.com\/wp-content\/uploads\/2020\/08\/ChapterZero_Logo_FranceForumClimat-e1598537853484.jpg","width":100,"height":38,"caption":"Chapter Zero France"},"image":{"@id":"https:\/\/chapterzero-france.com\/#\/schema\/logo\/image\/"}}]}},"coauthors":[],"author_meta":{"author_link":"https:\/\/chapterzero-france.com\/index.php\/author\/czfr\/","display_name":"CZFR"},"relative_dates":{"created":"Publi\u00e9 2 ans il y a","modified":"Mis \u00e0 jour 2 ans il y a"},"absolute_dates":{"created":"Publi\u00e9 le 17 novembre 2023","modified":"Mise \u00e0 jour le 17 novembre 2023"},"absolute_dates_time":{"created":"Publi\u00e9 le 17 novembre 2023 12 h 46 min","modified":"Mise \u00e0 jour le 17 novembre 2023 12 h 46 min"},"featured_img_caption":"","featured_img":false,"series_order":"","_links":{"self":[{"href":"https:\/\/chapterzero-france.com\/index.php\/wp-json\/wp\/v2\/pages\/7225","targetHints":{"allow":["GET"]}}],"collection":[{"href":"https:\/\/chapterzero-france.com\/index.php\/wp-json\/wp\/v2\/pages"}],"about":[{"href":"https:\/\/chapterzero-france.com\/index.php\/wp-json\/wp\/v2\/types\/page"}],"author":[{"embeddable":true,"href":"https:\/\/chapterzero-france.com\/index.php\/wp-json\/wp\/v2\/users\/4"}],"replies":[{"embeddable":true,"href":"https:\/\/chapterzero-france.com\/index.php\/wp-json\/wp\/v2\/comments?post=7225"}],"version-history":[{"count":1,"href":"https:\/\/chapterzero-france.com\/index.php\/wp-json\/wp\/v2\/pages\/7225\/revisions"}],"predecessor-version":[{"id":7226,"href":"https:\/\/chapterzero-france.com\/index.php\/wp-json\/wp\/v2\/pages\/7225\/revisions\/7226"}],"wp:attachment":[{"href":"https:\/\/chapterzero-france.com\/index.php\/wp-json\/wp\/v2\/media?parent=7225"}],"curies":[{"name":"wp","href":"https:\/\/api.w.org\/{rel}","templated":true}]}}