{"id":7492,"date":"2024-12-17T23:09:29","date_gmt":"2024-12-17T22:09:29","guid":{"rendered":"https:\/\/chapterzero-france.com\/?page_id=7492"},"modified":"2024-12-17T23:09:30","modified_gmt":"2024-12-17T22:09:30","slug":"ladministrateur-trice-face-a-la-csrd","status":"publish","type":"page","link":"https:\/\/chapterzero-france.com\/index.php\/ladministrateur-trice-face-a-la-csrd\/","title":{"rendered":"L&#8217;administrateur.trice face \u00e0 la CSRD"},"content":{"rendered":"<div id=\"wppb-builder-container\" class=\"wppb-builder-container\">                <div  class=\"wppb-row-parent  wppb-row-1664952127682 \"  >\n\t\t\t\t\t\n\t\t\t\t\t\t\t\t\t\t\n\t\t\t\t\t\t\t\t\t\t\n\t\t\t\t\t<div class=\"wppb-container \">\n\t\t\t\t\t\t\t\t\t\t\t\t\t\n                        <div class=\"wppb-row\">\n\t\t\t\t\t\t\t                                    <div  class=\"wppb-column-parent wppb-column-parent-view wppb-col-1664952127681  \"  >\n                                        <div class=\"wppb-column\">\n\t\t\t\t\t\n\t\t\t\t\t\t\t\t\t\t\t\n                                            <div class=\"wppb-builder-addons\">\n\t\t\t\t\t\t\t\t\t\t\t\t                                            <\/div>\n                                        <\/div>\n                                    <\/div>\n\t\t\t\t\t\t\t\t\t                        <\/div>\n\n                    <\/div>\n                <\/div>\n\t\t\t\t                <div  class=\"wppb-row-parent  wppb-row-1612115273447 \"  >\n\t\t\t\t\t\n\t\t\t\t\t\t\t\t\t\t\n\t\t\t\t\t\t\t\t\t\t\n\t\t\t\t\t<div class=\"wppb-container \">\n\t\t\t\t\t\t\t\t\t\t\t\t\t\n                        <div class=\"wppb-row\">\n\t\t\t\t\t\t\t                                    <div  class=\"wppb-column-parent wppb-column-parent-view wppb-col-1612115273446  \"  >\n                                        <div class=\"wppb-column\">\n\t\t\t\t\t\n\t\t\t\t\t\t\t\t\t\t\t\n                                            <div class=\"wppb-builder-addons\">\n\t\t\t\t\t\t\t\t\t\t\t\t<div class='wppb-builder-addon wppb-addon-1612115323379'  data-addon-id='1612115323379'><div class='wppb-addon'><div class=\"wppb-text-block-addon\"><div class=\"wppb-text-block-content 0\"><p style=\"text-align: center\"><strong>Organis\u00e9 par Chapter Zero France en partenariat avec Deloitte<\/strong><\/p><p>Alors que les sujets de d\u00e9veloppement durable sont trop peu pr\u00e9sents dans le d\u00e9bat public, de tr\u00e8s nombreuses entreprises se pr\u00e9occupent heureusement du sujet. Un grand nombre d'entre elles, en train de\u00a0 se pr\u00e9parer ou de mettre en \u0153uvre la Directive Europ\u00e9enne CSRD, renforcent ainsi la richesse et la robustesse des informations communiqu\u00e9es sur les enjeux environnementaux, sociaux et de gouvernance.<\/p><p>Vous connaissez bien les enjeux de la CSRD et vous recherchez un partage d'exp\u00e9rience?\u00a0Dans votre r\u00f4le d'administrateur.ice, vous souhaitez contribuer de mani\u00e8re ambitieuse et constructive \u00e0 une telle initiative?\u00a0<\/p><p>Nous avons tent\u00e9 de r\u00e9pondre \u00e0 plusieurs questions avec nos invit\u00e9s<\/p><ul><li>Quel est l'impact de la CSRD sur le r\u00f4le des administrateurs (strat\u00e9gie, risques &amp; opportunit\u00e9s, conformit\u00e9, ...) et sur l'organisation des Conseils d'administration ?<\/li><li>Quelles sont les bonnes pratiques de pilotage et de mise en \u0153uvre d'un projet CSRD\u00a0?<\/li><li>A quel stade devrait-on en \u00eatre \u00e0 l'heure actuelle (pour les soci\u00e9t\u00e9s de vague 1 et de vague 2) ?<\/li><li>Comment la gouvernance doit-elle \u00e9voluer compte tenu des enjeux transverses d'un tel projet?\u00a0<\/li><li>Quelles interactions sont n\u00e9cessaires avec les directions op\u00e9rationnelles\u00a0?<\/li><li>Quel \u00e9quilibre peut-on trouver entre respect de la r\u00e9glementation et ambition sur le fond?<\/li><li>Comment choisir les indicateurs pertinents?<\/li><li>Quels seront le r\u00f4le des auditeurs externes et leurs interactions avec le Conseil?<\/li><li>Comment doit-on envisager la future \"communication durable\"\u00a0de l'entreprise, au regard de sa \"communication financi\u00e8re\"?<\/li><\/ul><p>Synth\u00e8se du webinaire disponible pour les membres de Chapter Zero France <a href=\"https:\/\/chapterzero-france.com\/index.php\/nous-rejoindre\/\">(adh\u00e9rer)\u00a0<\/a><\/p><\/div><\/div><\/div><\/div>                                            <\/div>\n                                        <\/div>\n                                    <\/div>\n\t\t\t\t\t\t\t\t\t                                    <div  class=\"wppb-column-parent wppb-column-parent-view wppb-col-1667233365723  \"  >\n                                        <div class=\"wppb-column\">\n\t\t\t\t\t\n\t\t\t\t\t\t\t\t\t\t\t\n                                            <div class=\"wppb-builder-addons\">\n\t\t\t\t\t\t\t\t\t\t\t\t<div class='wppb-builder-addon wppb-addon-1702811310806'  data-addon-id='1702811310806'><div class='wppb-addon'><div class=\"wppb-video-addon\"><div class=\"wppb-video-content\"><div class=\"wppb-video-block wppb-embed-responsive wppb-embed-responsive-16by9\"><iframe class=\"wppb-embed-responsive-item\" src=\"\/\/www.youtube.com\/embed\/-XeuF_RkWAw?controls=1&#038;modestbranding=0\" allowFullScreen><\/iframe><\/div><\/div><\/div><\/div><\/div>                                            <\/div>\n                                        <\/div>\n                                    <\/div>\n\t\t\t\t\t\t\t\t\t                        <\/div>\n\n                    <\/div>\n                <\/div>\n\t\t\t\t                <div  class=\"wppb-row-parent  wppb-row-1667233365709 \"  >\n\t\t\t\t\t\n\t\t\t\t\t\t\t\t\t\t\n\t\t\t\t\t\t\t\t\t\t\n\t\t\t\t\t<div class=\"wppb-container \">\n\t\t\t\t\t\t\t\t\t\t\t\t\t\n                        <div class=\"wppb-row\">\n\t\t\t\t\t\t\t                                    <div  class=\"wppb-column-parent wppb-column-parent-view wppb-col-1667233365710  \"  >\n                                        <div class=\"wppb-column\">\n\t\t\t\t\t\n\t\t\t\t\t\t\t\t\t\t\t\n                                            <div class=\"wppb-builder-addons\">\n\t\t\t\t\t\t\t\t\t\t\t\t<div class='wppb-builder-addon wppb-addon-1667233365711'  data-addon-id='1667233365711'><div class='wppb-addon'><div class=\"wppb-text-block-addon\"><div class=\"wppb-text-block-content 0\"><h2 style=\"text-align: center\">Pan\u00e9listes de la session<\/h2><p style=\"text-align: left\"><strong><span class=\"has-inline-color has-luminous-vivid-amber-color\">Pan\u00e9listes<\/span><\/strong><\/p><p><!-- wp:paragraph --><\/p><p><strong>Virginie Dup\u00e9rat<\/strong>\u00a0Group CFO chez Arcadis,\u00a0<\/p><p><strong>Julie Mary<\/strong>, associ\u00e9e Sustainability de Deloitte\u00a0<\/p><p><strong>Olivier Mauny<\/strong>, administrateur\u00a0d\u2019Interparfums.<\/p><p><!-- \/wp:paragraph --> <!-- wp:paragraph \/--> <!-- wp:paragraph \/--><\/p><p style=\"font-weight: 400\"><strong><span class=\"has-inline-color has-luminous-vivid-amber-color\">Mod\u00e9rateur<\/span><\/strong><\/p><p><strong>Philippe Hellich,<\/strong> expert ERM &amp; ESG, membre de Chapter Zero France<\/p><p style=\"text-align: left\"><strong>Date: 22\/10\/2024<\/strong><\/p><\/div><\/div><\/div><\/div>                                            <\/div>\n                                        <\/div>\n                                    <\/div>\n\t\t\t\t\t\t\t\t\t                                    <div  class=\"wppb-column-parent wppb-column-parent-view wppb-col-1667233365712  \"  >\n                                        <div class=\"wppb-column\">\n\t\t\t\t\t\n\t\t\t\t\t\t\t\t\t\t\t\n                                            <div class=\"wppb-builder-addons\">\n\t\t\t\t\t\t\t\t\t\t\t\t                                            <\/div>\n                                        <\/div>\n                                    <\/div>\n\t\t\t\t\t\t\t\t\t                        <\/div>\n\n                    <\/div>\n                <\/div>\n\t\t\t\t<\/div>","protected":false},"excerpt":{"rendered":"<p>Organis\u00e9 par Chapter Zero France en partenariat avec DeloitteAlors que les sujets de d\u00e9veloppement durable sont trop peu pr\u00e9sents dans le d\u00e9bat public, de tr\u00e8s nombreuses entreprises se pr\u00e9occupent heureusement du sujet. Un grand nombre d&#8217;entre elles, en train de\u00a0 se pr\u00e9parer ou de mettre en \u0153uvre la Directive Europ\u00e9enne&hellip;<\/p>\n","protected":false},"author":4,"featured_media":0,"parent":0,"menu_order":0,"comment_status":"closed","ping_status":"closed","template":"","meta":{"advgb_blocks_editor_width":"","advgb_blocks_columns_visual_guide":"","_monsterinsights_skip_tracking":false,"_monsterinsights_sitenote_active":false,"_monsterinsights_sitenote_note":"","_monsterinsights_sitenote_category":0,"footnotes":""},"class_list":["post-7492","page","type-page","status-publish","hentry"],"yoast_head":"<!-- This site is optimized with the Yoast SEO plugin v23.4 - https:\/\/yoast.com\/wordpress\/plugins\/seo\/ -->\n<title>L&#8217;administrateur.trice face \u00e0 la CSRD - Chapter Zero France<\/title>\n<meta name=\"robots\" content=\"index, follow, max-snippet:-1, max-image-preview:large, max-video-preview:-1\" \/>\n<link rel=\"canonical\" href=\"https:\/\/chapterzero-france.com\/index.php\/ladministrateur-trice-face-a-la-csrd\/\" \/>\n<meta property=\"og:locale\" content=\"fr_FR\" \/>\n<meta property=\"og:type\" content=\"article\" \/>\n<meta property=\"og:title\" content=\"L&#8217;administrateur.trice face \u00e0 la CSRD - Chapter Zero France\" \/>\n<meta property=\"og:description\" content=\"Organis\u00e9 par Chapter Zero France en partenariat avec DeloitteAlors que les sujets de d\u00e9veloppement durable sont trop peu pr\u00e9sents dans le d\u00e9bat public, de tr\u00e8s nombreuses entreprises se pr\u00e9occupent heureusement du sujet. Un grand nombre d&#039;entre elles, en train de\u00a0 se pr\u00e9parer ou de mettre en \u0153uvre la Directive Europ\u00e9enne&hellip;\" \/>\n<meta property=\"og:url\" content=\"https:\/\/chapterzero-france.com\/index.php\/ladministrateur-trice-face-a-la-csrd\/\" \/>\n<meta property=\"og:site_name\" content=\"Chapter Zero France\" \/>\n<meta property=\"article:modified_time\" content=\"2024-12-17T22:09:30+00:00\" \/>\n<meta name=\"twitter:card\" content=\"summary_large_image\" \/>\n<script type=\"application\/ld+json\" class=\"yoast-schema-graph\">{\"@context\":\"https:\/\/schema.org\",\"@graph\":[{\"@type\":\"WebPage\",\"@id\":\"https:\/\/chapterzero-france.com\/index.php\/ladministrateur-trice-face-a-la-csrd\/\",\"url\":\"https:\/\/chapterzero-france.com\/index.php\/ladministrateur-trice-face-a-la-csrd\/\",\"name\":\"L&#8217;administrateur.trice face \u00e0 la CSRD - Chapter Zero France\",\"isPartOf\":{\"@id\":\"https:\/\/chapterzero-france.com\/#website\"},\"datePublished\":\"2024-12-17T22:09:29+00:00\",\"dateModified\":\"2024-12-17T22:09:30+00:00\",\"breadcrumb\":{\"@id\":\"https:\/\/chapterzero-france.com\/index.php\/ladministrateur-trice-face-a-la-csrd\/#breadcrumb\"},\"inLanguage\":\"fr-FR\",\"potentialAction\":[{\"@type\":\"ReadAction\",\"target\":[\"https:\/\/chapterzero-france.com\/index.php\/ladministrateur-trice-face-a-la-csrd\/\"]}]},{\"@type\":\"BreadcrumbList\",\"@id\":\"https:\/\/chapterzero-france.com\/index.php\/ladministrateur-trice-face-a-la-csrd\/#breadcrumb\",\"itemListElement\":[{\"@type\":\"ListItem\",\"position\":1,\"name\":\"Accueil\",\"item\":\"https:\/\/chapterzero-france.com\/\"},{\"@type\":\"ListItem\",\"position\":2,\"name\":\"L&#8217;administrateur.trice face \u00e0 la CSRD\"}]},{\"@type\":\"WebSite\",\"@id\":\"https:\/\/chapterzero-france.com\/#website\",\"url\":\"https:\/\/chapterzero-france.com\/\",\"name\":\"Chapter Zero France\",\"description\":\"Le Forum Climat des Administrateurs\",\"publisher\":{\"@id\":\"https:\/\/chapterzero-france.com\/#organization\"},\"potentialAction\":[{\"@type\":\"SearchAction\",\"target\":{\"@type\":\"EntryPoint\",\"urlTemplate\":\"https:\/\/chapterzero-france.com\/?s={search_term_string}\"},\"query-input\":{\"@type\":\"PropertyValueSpecification\",\"valueRequired\":true,\"valueName\":\"search_term_string\"}}],\"inLanguage\":\"fr-FR\"},{\"@type\":\"Organization\",\"@id\":\"https:\/\/chapterzero-france.com\/#organization\",\"name\":\"Chapter Zero France\",\"url\":\"https:\/\/chapterzero-france.com\/\",\"logo\":{\"@type\":\"ImageObject\",\"inLanguage\":\"fr-FR\",\"@id\":\"https:\/\/chapterzero-france.com\/#\/schema\/logo\/image\/\",\"url\":\"https:\/\/chapterzero-france.com\/wp-content\/uploads\/2020\/08\/ChapterZero_Logo_FranceForumClimat-e1598537853484.jpg\",\"contentUrl\":\"https:\/\/chapterzero-france.com\/wp-content\/uploads\/2020\/08\/ChapterZero_Logo_FranceForumClimat-e1598537853484.jpg\",\"width\":100,\"height\":38,\"caption\":\"Chapter Zero France\"},\"image\":{\"@id\":\"https:\/\/chapterzero-france.com\/#\/schema\/logo\/image\/\"}}]}<\/script>\n<!-- \/ Yoast SEO plugin. -->","yoast_head_json":{"title":"L&#8217;administrateur.trice face \u00e0 la CSRD - Chapter Zero France","robots":{"index":"index","follow":"follow","max-snippet":"max-snippet:-1","max-image-preview":"max-image-preview:large","max-video-preview":"max-video-preview:-1"},"canonical":"https:\/\/chapterzero-france.com\/index.php\/ladministrateur-trice-face-a-la-csrd\/","og_locale":"fr_FR","og_type":"article","og_title":"L&#8217;administrateur.trice face \u00e0 la CSRD - Chapter Zero France","og_description":"Organis\u00e9 par Chapter Zero France en partenariat avec DeloitteAlors que les sujets de d\u00e9veloppement durable sont trop peu pr\u00e9sents dans le d\u00e9bat public, de tr\u00e8s nombreuses entreprises se pr\u00e9occupent heureusement du sujet. Un grand nombre d'entre elles, en train de\u00a0 se pr\u00e9parer ou de mettre en \u0153uvre la Directive Europ\u00e9enne&hellip;","og_url":"https:\/\/chapterzero-france.com\/index.php\/ladministrateur-trice-face-a-la-csrd\/","og_site_name":"Chapter Zero France","article_modified_time":"2024-12-17T22:09:30+00:00","twitter_card":"summary_large_image","schema":{"@context":"https:\/\/schema.org","@graph":[{"@type":"WebPage","@id":"https:\/\/chapterzero-france.com\/index.php\/ladministrateur-trice-face-a-la-csrd\/","url":"https:\/\/chapterzero-france.com\/index.php\/ladministrateur-trice-face-a-la-csrd\/","name":"L&#8217;administrateur.trice face \u00e0 la CSRD - Chapter Zero France","isPartOf":{"@id":"https:\/\/chapterzero-france.com\/#website"},"datePublished":"2024-12-17T22:09:29+00:00","dateModified":"2024-12-17T22:09:30+00:00","breadcrumb":{"@id":"https:\/\/chapterzero-france.com\/index.php\/ladministrateur-trice-face-a-la-csrd\/#breadcrumb"},"inLanguage":"fr-FR","potentialAction":[{"@type":"ReadAction","target":["https:\/\/chapterzero-france.com\/index.php\/ladministrateur-trice-face-a-la-csrd\/"]}]},{"@type":"BreadcrumbList","@id":"https:\/\/chapterzero-france.com\/index.php\/ladministrateur-trice-face-a-la-csrd\/#breadcrumb","itemListElement":[{"@type":"ListItem","position":1,"name":"Accueil","item":"https:\/\/chapterzero-france.com\/"},{"@type":"ListItem","position":2,"name":"L&#8217;administrateur.trice face \u00e0 la CSRD"}]},{"@type":"WebSite","@id":"https:\/\/chapterzero-france.com\/#website","url":"https:\/\/chapterzero-france.com\/","name":"Chapter Zero France","description":"Le Forum Climat des Administrateurs","publisher":{"@id":"https:\/\/chapterzero-france.com\/#organization"},"potentialAction":[{"@type":"SearchAction","target":{"@type":"EntryPoint","urlTemplate":"https:\/\/chapterzero-france.com\/?s={search_term_string}"},"query-input":{"@type":"PropertyValueSpecification","valueRequired":true,"valueName":"search_term_string"}}],"inLanguage":"fr-FR"},{"@type":"Organization","@id":"https:\/\/chapterzero-france.com\/#organization","name":"Chapter Zero France","url":"https:\/\/chapterzero-france.com\/","logo":{"@type":"ImageObject","inLanguage":"fr-FR","@id":"https:\/\/chapterzero-france.com\/#\/schema\/logo\/image\/","url":"https:\/\/chapterzero-france.com\/wp-content\/uploads\/2020\/08\/ChapterZero_Logo_FranceForumClimat-e1598537853484.jpg","contentUrl":"https:\/\/chapterzero-france.com\/wp-content\/uploads\/2020\/08\/ChapterZero_Logo_FranceForumClimat-e1598537853484.jpg","width":100,"height":38,"caption":"Chapter Zero France"},"image":{"@id":"https:\/\/chapterzero-france.com\/#\/schema\/logo\/image\/"}}]}},"coauthors":[],"author_meta":{"author_link":"https:\/\/chapterzero-france.com\/index.php\/author\/czfr\/","display_name":"CZFR"},"relative_dates":{"created":"Publi\u00e9 1 an il y a","modified":"Mis \u00e0 jour 1 an il y a"},"absolute_dates":{"created":"Publi\u00e9 le 17 d\u00e9cembre 2024","modified":"Mise \u00e0 jour le 17 d\u00e9cembre 2024"},"absolute_dates_time":{"created":"Publi\u00e9 le 17 d\u00e9cembre 2024 23 h 09 min","modified":"Mise \u00e0 jour le 17 d\u00e9cembre 2024 23 h 09 min"},"featured_img_caption":"","featured_img":false,"series_order":"","_links":{"self":[{"href":"https:\/\/chapterzero-france.com\/index.php\/wp-json\/wp\/v2\/pages\/7492","targetHints":{"allow":["GET"]}}],"collection":[{"href":"https:\/\/chapterzero-france.com\/index.php\/wp-json\/wp\/v2\/pages"}],"about":[{"href":"https:\/\/chapterzero-france.com\/index.php\/wp-json\/wp\/v2\/types\/page"}],"author":[{"embeddable":true,"href":"https:\/\/chapterzero-france.com\/index.php\/wp-json\/wp\/v2\/users\/4"}],"replies":[{"embeddable":true,"href":"https:\/\/chapterzero-france.com\/index.php\/wp-json\/wp\/v2\/comments?post=7492"}],"version-history":[{"count":3,"href":"https:\/\/chapterzero-france.com\/index.php\/wp-json\/wp\/v2\/pages\/7492\/revisions"}],"predecessor-version":[{"id":7495,"href":"https:\/\/chapterzero-france.com\/index.php\/wp-json\/wp\/v2\/pages\/7492\/revisions\/7495"}],"wp:attachment":[{"href":"https:\/\/chapterzero-france.com\/index.php\/wp-json\/wp\/v2\/media?parent=7492"}],"curies":[{"name":"wp","href":"https:\/\/api.w.org\/{rel}","templated":true}]}}