{"id":7622,"date":"2025-07-25T12:11:38","date_gmt":"2025-07-25T10:11:38","guid":{"rendered":"https:\/\/chapterzero-france.com\/?page_id=7622"},"modified":"2025-08-11T11:16:38","modified_gmt":"2025-08-11T09:16:38","slug":"pratiques-en-matiere-de-gouvernance-de-durabilite-et-de-communication-de-marche-radiographie-des-50-premieres-publications-csrd-des-grands-groupes-francais","status":"publish","type":"page","link":"https:\/\/chapterzero-france.com\/index.php\/pratiques-en-matiere-de-gouvernance-de-durabilite-et-de-communication-de-marche-radiographie-des-50-premieres-publications-csrd-des-grands-groupes-francais\/","title":{"rendered":"Pratiques en mati\u00e8re de gouvernance de durabilit\u00e9 et de communication de march\u00e9\u00a0: radiographie des 50 premi\u00e8res publications CSRD des grands groupes fran\u00e7ais"},"content":{"rendered":"<div id=\"wppb-builder-container\" class=\"wppb-builder-container\">                <div  class=\"wppb-row-parent  wppb-row-1612115273447 \"  >\n\t\t\t\t\t\n\t\t\t\t\t\t\t\t\t\t\n\t\t\t\t\t\t\t\t\t\t\n\t\t\t\t\t<div class=\"wppb-container \">\n\t\t\t\t\t\t\t\t\t\t\t\t\t\n                        <div class=\"wppb-row\">\n\t\t\t\t\t\t\t                                    <div  class=\"wppb-column-parent wppb-column-parent-view wppb-col-1612115273446  \"  >\n                                        <div class=\"wppb-column\">\n\t\t\t\t\t\n\t\t\t\t\t\t\t\t\t\t\t\n                                            <div class=\"wppb-builder-addons\">\n\t\t\t\t\t\t\t\t\t\t\t\t<div class='wppb-builder-addon wppb-addon-1612115323379'  data-addon-id='1612115323379'><div class='wppb-addon'><div class=\"wppb-text-block-addon\"><div class=\"wppb-text-block-content 0\"><p style=\"font-weight: 400\"><strong>Organis\u00e9 par Chapter Zero France\u00a0en partenariat avec Deloitte<\/strong><\/p><p style=\"font-weight: 400\">En compl\u00e9ment de l\u2019\u00e9tude r\u00e9alis\u00e9e par Deloitte en avril 2025 sur les 50 premiers rapports CSRD publi\u00e9s en France, ce second volet se concentre sur les pratiques des conseils d\u2019administration en mati\u00e8re de gouvernance de durabilit\u00e9 et de communication de march\u00e9. L\u2019analyse men\u00e9e \u00e0 partir notamment des nouvelles informations des rapports de durabilit\u00e9 CSRD sera mise en perspective des exp\u00e9riences v\u00e9cus par les intervenants, administrateurs\/trices, et auditeurs de durabilit\u00e9.<\/p><p><a href=\"https:\/\/drive.google.com\/file\/d\/1gQzJUokxF3FRtTybUwEinuaBRmKOlHKx\/view\">Lire la synth\u00e8se<\/a><\/p><\/div><\/div><\/div><\/div>                                            <\/div>\n                                        <\/div>\n                                    <\/div>\n\t\t\t\t\t\t\t\t\t                                    <div  class=\"wppb-column-parent wppb-column-parent-view wppb-col-1753442708513  \"  >\n                                        <div class=\"wppb-column\">\n\t\t\t\t\t\n\t\t\t\t\t\t\t\t\t\t\t\n                                            <div class=\"wppb-builder-addons\">\n\t\t\t\t\t\t\t\t\t\t\t\t<div class='wppb-builder-addon wppb-addon-1753442708519'  data-addon-id='1753442708519'><div class='wppb-addon'><div class=\"wppb-video-addon\"><div class=\"wppb-video-content\"><div class=\"wppb-video-block wppb-embed-responsive wppb-embed-responsive-16by9\"><iframe class=\"wppb-embed-responsive-item\" src=\"\/\/www.youtube.com\/embed\/dIinmBkd8qo?controls=1&#038;modestbranding=0\" allowFullScreen><\/iframe><\/div><\/div><\/div><\/div><\/div>                                            <\/div>\n                                        <\/div>\n                                    <\/div>\n\t\t\t\t\t\t\t\t\t                        <\/div>\n\n                    <\/div>\n                <\/div>\n\t\t\t\t                <div  class=\"wppb-row-parent  wppb-row-1753440988737 \"  >\n\t\t\t\t\t\n\t\t\t\t\t\t\t\t\t\t\n\t\t\t\t\t\t\t\t\t\t\n\t\t\t\t\t<div class=\"wppb-container \">\n\t\t\t\t\t\t\t\t\t\t\t\t\t\n                        <div class=\"wppb-row\">\n\t\t\t\t\t\t\t                                    <div  class=\"wppb-column-parent wppb-column-parent-view wppb-col-1753440988736  \"  >\n                                        <div class=\"wppb-column\">\n\t\t\t\t\t\n\t\t\t\t\t\t\t\t\t\t\t\n                                            <div class=\"wppb-builder-addons\">\n\t\t\t\t\t\t\t\t\t\t\t\t<div class='wppb-builder-addon wppb-addon-1753441277175'  data-addon-id='1753441277175'><div class='wppb-addon'><div class=\"wppb-addon wppb-button-addon\"><div class=\"wppb-button-addon-content\"><a  href=\"https:\/\/drive.google.com\/file\/d\/1Fln8GvZ45AjLLMDjGGZGeuoJd8iwCkW5\/view\" target=_blank class=\"wppb-btn-addons  wppb-btn-light wppb-btn-rounded wppb-btn-large wppb-btn-no\">T\u00e9l\u00e9charger l&#039;\u00e9tude<\/a><\/div><\/div><\/div><\/div>                                            <\/div>\n                                        <\/div>\n                                    <\/div>\n\t\t\t\t\t\t\t\t\t                        <\/div>\n\n                    <\/div>\n                <\/div>\n\t\t\t\t                <div  class=\"wppb-row-parent  wppb-row-1667233365709 \"  >\n\t\t\t\t\t\n\t\t\t\t\t\t\t\t\t\t\n\t\t\t\t\t\t\t\t\t\t\n\t\t\t\t\t<div class=\"wppb-container \">\n\t\t\t\t\t\t\t\t\t\t\t\t\t\n                        <div class=\"wppb-row\">\n\t\t\t\t\t\t\t                                    <div  class=\"wppb-column-parent wppb-column-parent-view wppb-col-1667233365710  \"  >\n                                        <div class=\"wppb-column\">\n\t\t\t\t\t\n\t\t\t\t\t\t\t\t\t\t\t\n                                            <div class=\"wppb-builder-addons\">\n\t\t\t\t\t\t\t\t\t\t\t\t<div class='wppb-builder-addon wppb-addon-1667233365711'  data-addon-id='1667233365711'><div class='wppb-addon'><div class=\"wppb-text-block-addon\"><div class=\"wppb-text-block-content 0\"><h2 style=\"text-align: center\">Pan\u00e9listes de la session<\/h2><p style=\"text-align: left\"><b>Pan\u00e9listes :<\/b><\/p><p><!-- \/wp:paragraph --> <!-- wp:list --><\/p><ul><li style=\"list-style-type: none\"><ul><li style=\"font-weight: 400\">Dr. Marie-H\u00e9l\u00e8ne Rigal\u00a0: Vice-pr\u00e9sidente de Chapter Zero France, Administratrice pr\u00e9sidente du comit\u00e9 d\u2019audit de Sopra Steria group et membre du comit\u00e9 d\u2019audit de 74Software, membre du club ESG et des pr\u00e9sidents de comit\u00e9 d\u2019audit de l\u2019IFA<\/li><li style=\"font-weight: 400\">Julie Mary, associ\u00e9e Sustainability de Deloitte<\/li><li style=\"font-weight: 400\">Dr. Antoine Sautenet, Directeur du D\u00e9veloppement Durable du groupe Michelin ; en charge de l\u2019orchestration de la performance et de la gouvernance RSE de l\u2019Entreprise et Administrateur du groupe Rubis<\/li><\/ul><\/li><\/ul><p><strong>Mod\u00e9ratrice :<\/strong><\/p><ul><li style=\"font-weight: 400\"><ul><li style=\"font-weight: 400\">Carol Lambert, Associ\u00e9e et administratrice de Deloitte France et Afrique Francophone, vice-pr\u00e9sidente du comit\u00e9 strat\u00e9gique et du comit\u00e9 des risques, membre du comit\u00e9 strat\u00e9gique d\u2019Haiku Legal, membre du Bureau de Chapter Zero France<\/li><\/ul><p><!-- wp:paragraph --><\/p><\/li><\/ul><p style=\"text-align: left\">\u00a0<\/p><\/div><\/div><\/div><\/div>                                            <\/div>\n                                        <\/div>\n                                    <\/div>\n\t\t\t\t\t\t\t\t\t                        <\/div>\n\n                    <\/div>\n                <\/div>\n\t\t\t\t<\/div>","protected":false},"excerpt":{"rendered":"<p>Organis\u00e9 par Chapter Zero France\u00a0en partenariat avec DeloitteEn compl\u00e9ment de l\u2019\u00e9tude r\u00e9alis\u00e9e par Deloitte en avril 2025 sur les 50 premiers rapports CSRD publi\u00e9s en France, ce second volet se concentre sur les pratiques des conseils d\u2019administration en mati\u00e8re de gouvernance de durabilit\u00e9 et de communication de march\u00e9. L\u2019analyse men\u00e9e&hellip;<\/p>\n","protected":false},"author":4,"featured_media":0,"parent":0,"menu_order":0,"comment_status":"closed","ping_status":"closed","template":"","meta":{"advgb_blocks_editor_width":"","advgb_blocks_columns_visual_guide":"","_monsterinsights_skip_tracking":false,"_monsterinsights_sitenote_active":false,"_monsterinsights_sitenote_note":"","_monsterinsights_sitenote_category":0,"footnotes":""},"class_list":["post-7622","page","type-page","status-publish","hentry"],"yoast_head":"<!-- This site is optimized with the Yoast SEO plugin v23.4 - https:\/\/yoast.com\/wordpress\/plugins\/seo\/ -->\n<title>Pratiques en mati\u00e8re de gouvernance de durabilit\u00e9 et de communication de march\u00e9\u00a0: radiographie des 50 premi\u00e8res publications CSRD des grands groupes fran\u00e7ais - Chapter Zero France<\/title>\n<meta name=\"robots\" content=\"index, follow, max-snippet:-1, max-image-preview:large, max-video-preview:-1\" \/>\n<link rel=\"canonical\" href=\"https:\/\/chapterzero-france.com\/index.php\/pratiques-en-matiere-de-gouvernance-de-durabilite-et-de-communication-de-marche-radiographie-des-50-premieres-publications-csrd-des-grands-groupes-francais\/\" \/>\n<meta property=\"og:locale\" content=\"fr_FR\" \/>\n<meta property=\"og:type\" content=\"article\" \/>\n<meta property=\"og:title\" content=\"Pratiques en mati\u00e8re de gouvernance de durabilit\u00e9 et de communication de march\u00e9\u00a0: radiographie des 50 premi\u00e8res publications CSRD des grands groupes fran\u00e7ais - Chapter Zero France\" \/>\n<meta property=\"og:description\" content=\"Organis\u00e9 par Chapter Zero France\u00a0en partenariat avec DeloitteEn compl\u00e9ment de l\u2019\u00e9tude r\u00e9alis\u00e9e par Deloitte en avril 2025 sur les 50 premiers rapports CSRD publi\u00e9s en France, ce second volet se concentre sur les pratiques des conseils d\u2019administration en mati\u00e8re de gouvernance de durabilit\u00e9 et de communication de march\u00e9. L\u2019analyse men\u00e9e&hellip;\" \/>\n<meta property=\"og:url\" content=\"https:\/\/chapterzero-france.com\/index.php\/pratiques-en-matiere-de-gouvernance-de-durabilite-et-de-communication-de-marche-radiographie-des-50-premieres-publications-csrd-des-grands-groupes-francais\/\" \/>\n<meta property=\"og:site_name\" content=\"Chapter Zero France\" \/>\n<meta property=\"article:modified_time\" content=\"2025-08-11T09:16:38+00:00\" \/>\n<meta name=\"twitter:card\" content=\"summary_large_image\" \/>\n<script type=\"application\/ld+json\" class=\"yoast-schema-graph\">{\"@context\":\"https:\/\/schema.org\",\"@graph\":[{\"@type\":\"WebPage\",\"@id\":\"https:\/\/chapterzero-france.com\/index.php\/pratiques-en-matiere-de-gouvernance-de-durabilite-et-de-communication-de-marche-radiographie-des-50-premieres-publications-csrd-des-grands-groupes-francais\/\",\"url\":\"https:\/\/chapterzero-france.com\/index.php\/pratiques-en-matiere-de-gouvernance-de-durabilite-et-de-communication-de-marche-radiographie-des-50-premieres-publications-csrd-des-grands-groupes-francais\/\",\"name\":\"Pratiques en mati\u00e8re de gouvernance de durabilit\u00e9 et de communication de march\u00e9\u00a0: radiographie des 50 premi\u00e8res publications CSRD des grands groupes fran\u00e7ais - Chapter Zero France\",\"isPartOf\":{\"@id\":\"https:\/\/chapterzero-france.com\/#website\"},\"datePublished\":\"2025-07-25T10:11:38+00:00\",\"dateModified\":\"2025-08-11T09:16:38+00:00\",\"breadcrumb\":{\"@id\":\"https:\/\/chapterzero-france.com\/index.php\/pratiques-en-matiere-de-gouvernance-de-durabilite-et-de-communication-de-marche-radiographie-des-50-premieres-publications-csrd-des-grands-groupes-francais\/#breadcrumb\"},\"inLanguage\":\"fr-FR\",\"potentialAction\":[{\"@type\":\"ReadAction\",\"target\":[\"https:\/\/chapterzero-france.com\/index.php\/pratiques-en-matiere-de-gouvernance-de-durabilite-et-de-communication-de-marche-radiographie-des-50-premieres-publications-csrd-des-grands-groupes-francais\/\"]}]},{\"@type\":\"BreadcrumbList\",\"@id\":\"https:\/\/chapterzero-france.com\/index.php\/pratiques-en-matiere-de-gouvernance-de-durabilite-et-de-communication-de-marche-radiographie-des-50-premieres-publications-csrd-des-grands-groupes-francais\/#breadcrumb\",\"itemListElement\":[{\"@type\":\"ListItem\",\"position\":1,\"name\":\"Accueil\",\"item\":\"https:\/\/chapterzero-france.com\/\"},{\"@type\":\"ListItem\",\"position\":2,\"name\":\"Pratiques en mati\u00e8re de gouvernance de durabilit\u00e9 et de communication de march\u00e9\u00a0: radiographie des 50 premi\u00e8res publications CSRD des grands groupes fran\u00e7ais\"}]},{\"@type\":\"WebSite\",\"@id\":\"https:\/\/chapterzero-france.com\/#website\",\"url\":\"https:\/\/chapterzero-france.com\/\",\"name\":\"Chapter Zero France\",\"description\":\"Le Forum Climat des Administrateurs\",\"publisher\":{\"@id\":\"https:\/\/chapterzero-france.com\/#organization\"},\"potentialAction\":[{\"@type\":\"SearchAction\",\"target\":{\"@type\":\"EntryPoint\",\"urlTemplate\":\"https:\/\/chapterzero-france.com\/?s={search_term_string}\"},\"query-input\":{\"@type\":\"PropertyValueSpecification\",\"valueRequired\":true,\"valueName\":\"search_term_string\"}}],\"inLanguage\":\"fr-FR\"},{\"@type\":\"Organization\",\"@id\":\"https:\/\/chapterzero-france.com\/#organization\",\"name\":\"Chapter Zero France\",\"url\":\"https:\/\/chapterzero-france.com\/\",\"logo\":{\"@type\":\"ImageObject\",\"inLanguage\":\"fr-FR\",\"@id\":\"https:\/\/chapterzero-france.com\/#\/schema\/logo\/image\/\",\"url\":\"https:\/\/chapterzero-france.com\/wp-content\/uploads\/2020\/08\/ChapterZero_Logo_FranceForumClimat-e1598537853484.jpg\",\"contentUrl\":\"https:\/\/chapterzero-france.com\/wp-content\/uploads\/2020\/08\/ChapterZero_Logo_FranceForumClimat-e1598537853484.jpg\",\"width\":100,\"height\":38,\"caption\":\"Chapter Zero France\"},\"image\":{\"@id\":\"https:\/\/chapterzero-france.com\/#\/schema\/logo\/image\/\"}}]}<\/script>\n<!-- \/ Yoast SEO plugin. -->","yoast_head_json":{"title":"Pratiques en mati\u00e8re de gouvernance de durabilit\u00e9 et de communication de march\u00e9\u00a0: radiographie des 50 premi\u00e8res publications CSRD des grands groupes fran\u00e7ais - Chapter Zero France","robots":{"index":"index","follow":"follow","max-snippet":"max-snippet:-1","max-image-preview":"max-image-preview:large","max-video-preview":"max-video-preview:-1"},"canonical":"https:\/\/chapterzero-france.com\/index.php\/pratiques-en-matiere-de-gouvernance-de-durabilite-et-de-communication-de-marche-radiographie-des-50-premieres-publications-csrd-des-grands-groupes-francais\/","og_locale":"fr_FR","og_type":"article","og_title":"Pratiques en mati\u00e8re de gouvernance de durabilit\u00e9 et de communication de march\u00e9\u00a0: radiographie des 50 premi\u00e8res publications CSRD des grands groupes fran\u00e7ais - Chapter Zero France","og_description":"Organis\u00e9 par Chapter Zero France\u00a0en partenariat avec DeloitteEn compl\u00e9ment de l\u2019\u00e9tude r\u00e9alis\u00e9e par Deloitte en avril 2025 sur les 50 premiers rapports CSRD publi\u00e9s en France, ce second volet se concentre sur les pratiques des conseils d\u2019administration en mati\u00e8re de gouvernance de durabilit\u00e9 et de communication de march\u00e9. L\u2019analyse men\u00e9e&hellip;","og_url":"https:\/\/chapterzero-france.com\/index.php\/pratiques-en-matiere-de-gouvernance-de-durabilite-et-de-communication-de-marche-radiographie-des-50-premieres-publications-csrd-des-grands-groupes-francais\/","og_site_name":"Chapter Zero France","article_modified_time":"2025-08-11T09:16:38+00:00","twitter_card":"summary_large_image","schema":{"@context":"https:\/\/schema.org","@graph":[{"@type":"WebPage","@id":"https:\/\/chapterzero-france.com\/index.php\/pratiques-en-matiere-de-gouvernance-de-durabilite-et-de-communication-de-marche-radiographie-des-50-premieres-publications-csrd-des-grands-groupes-francais\/","url":"https:\/\/chapterzero-france.com\/index.php\/pratiques-en-matiere-de-gouvernance-de-durabilite-et-de-communication-de-marche-radiographie-des-50-premieres-publications-csrd-des-grands-groupes-francais\/","name":"Pratiques en mati\u00e8re de gouvernance de durabilit\u00e9 et de communication de march\u00e9\u00a0: radiographie des 50 premi\u00e8res publications CSRD des grands groupes fran\u00e7ais - Chapter Zero France","isPartOf":{"@id":"https:\/\/chapterzero-france.com\/#website"},"datePublished":"2025-07-25T10:11:38+00:00","dateModified":"2025-08-11T09:16:38+00:00","breadcrumb":{"@id":"https:\/\/chapterzero-france.com\/index.php\/pratiques-en-matiere-de-gouvernance-de-durabilite-et-de-communication-de-marche-radiographie-des-50-premieres-publications-csrd-des-grands-groupes-francais\/#breadcrumb"},"inLanguage":"fr-FR","potentialAction":[{"@type":"ReadAction","target":["https:\/\/chapterzero-france.com\/index.php\/pratiques-en-matiere-de-gouvernance-de-durabilite-et-de-communication-de-marche-radiographie-des-50-premieres-publications-csrd-des-grands-groupes-francais\/"]}]},{"@type":"BreadcrumbList","@id":"https:\/\/chapterzero-france.com\/index.php\/pratiques-en-matiere-de-gouvernance-de-durabilite-et-de-communication-de-marche-radiographie-des-50-premieres-publications-csrd-des-grands-groupes-francais\/#breadcrumb","itemListElement":[{"@type":"ListItem","position":1,"name":"Accueil","item":"https:\/\/chapterzero-france.com\/"},{"@type":"ListItem","position":2,"name":"Pratiques en mati\u00e8re de gouvernance de durabilit\u00e9 et de communication de march\u00e9\u00a0: radiographie des 50 premi\u00e8res publications CSRD des grands groupes fran\u00e7ais"}]},{"@type":"WebSite","@id":"https:\/\/chapterzero-france.com\/#website","url":"https:\/\/chapterzero-france.com\/","name":"Chapter Zero France","description":"Le Forum Climat des Administrateurs","publisher":{"@id":"https:\/\/chapterzero-france.com\/#organization"},"potentialAction":[{"@type":"SearchAction","target":{"@type":"EntryPoint","urlTemplate":"https:\/\/chapterzero-france.com\/?s={search_term_string}"},"query-input":{"@type":"PropertyValueSpecification","valueRequired":true,"valueName":"search_term_string"}}],"inLanguage":"fr-FR"},{"@type":"Organization","@id":"https:\/\/chapterzero-france.com\/#organization","name":"Chapter Zero France","url":"https:\/\/chapterzero-france.com\/","logo":{"@type":"ImageObject","inLanguage":"fr-FR","@id":"https:\/\/chapterzero-france.com\/#\/schema\/logo\/image\/","url":"https:\/\/chapterzero-france.com\/wp-content\/uploads\/2020\/08\/ChapterZero_Logo_FranceForumClimat-e1598537853484.jpg","contentUrl":"https:\/\/chapterzero-france.com\/wp-content\/uploads\/2020\/08\/ChapterZero_Logo_FranceForumClimat-e1598537853484.jpg","width":100,"height":38,"caption":"Chapter Zero France"},"image":{"@id":"https:\/\/chapterzero-france.com\/#\/schema\/logo\/image\/"}}]}},"coauthors":[],"author_meta":{"author_link":"https:\/\/chapterzero-france.com\/index.php\/author\/czfr\/","display_name":"CZFR"},"relative_dates":{"created":"Publi\u00e9 9 mois il y a","modified":"Mis \u00e0 jour 8 mois il y a"},"absolute_dates":{"created":"Publi\u00e9 le 25 juillet 2025","modified":"Mise \u00e0 jour le 11 ao\u00fbt 2025"},"absolute_dates_time":{"created":"Publi\u00e9 le 25 juillet 2025 12 h 11 min","modified":"Mise \u00e0 jour le 11 ao\u00fbt 2025 11 h 16 min"},"featured_img_caption":"","featured_img":false,"series_order":"","_links":{"self":[{"href":"https:\/\/chapterzero-france.com\/index.php\/wp-json\/wp\/v2\/pages\/7622","targetHints":{"allow":["GET"]}}],"collection":[{"href":"https:\/\/chapterzero-france.com\/index.php\/wp-json\/wp\/v2\/pages"}],"about":[{"href":"https:\/\/chapterzero-france.com\/index.php\/wp-json\/wp\/v2\/types\/page"}],"author":[{"embeddable":true,"href":"https:\/\/chapterzero-france.com\/index.php\/wp-json\/wp\/v2\/users\/4"}],"replies":[{"embeddable":true,"href":"https:\/\/chapterzero-france.com\/index.php\/wp-json\/wp\/v2\/comments?post=7622"}],"version-history":[{"count":1,"href":"https:\/\/chapterzero-france.com\/index.php\/wp-json\/wp\/v2\/pages\/7622\/revisions"}],"predecessor-version":[{"id":7623,"href":"https:\/\/chapterzero-france.com\/index.php\/wp-json\/wp\/v2\/pages\/7622\/revisions\/7623"}],"wp:attachment":[{"href":"https:\/\/chapterzero-france.com\/index.php\/wp-json\/wp\/v2\/media?parent=7622"}],"curies":[{"name":"wp","href":"https:\/\/api.w.org\/{rel}","templated":true}]}}